D/BTIF_CORE( 2778): Version: AMPAK-Android-4.4-GPS-FM-1.0.3 

I/bluedroid( 2778): get_profile_interface socket

D/BluetoothManagerService( 2162): BluetoothServiceConnection: com.android.bluetooth.btservice.AdapterService

D/BluetoothManagerService( 2162): Message: 40

D/BluetoothManagerService( 2162): MESSAGE_BLUETOOTH_SERVICE_CONNECTED: 1

I/GKI_LINUX( 2778): gki_task_entry: gki_task_entry task_id=1 [BTIF] starting

I/bluedroid( 2778): config_hci_snoop_log

I/BluetoothAdapterProperties( 2778): adapterPropertyChangedCallback with type:2 len:6

D/BluetoothManagerService( 2162): Calling onBluetoothServiceUp callbacks

D/BluetoothManagerService( 2162): Broadcasting onBluetoothServiceUp() to 5 receivers.

D/BluetoothAdapterProperties( 2778): Address is:22:22:27:C6:2B:7E

I/BluetoothAdapterProperties( 2778): adapterPropertyChangedCallback with type:1 len:11

D/BluetoothAdapterProperties( 2778): Name is: Mocha T5260

D/BluetoothManagerService( 2162): Bluetooth Adapter name changed to Mocha T5260

D/BluetoothManagerService( 2162): Stored Bluetooth name: Mocha T5260

D/BluetoothAdapterState( 2778): CURRENT_STATE=OFF, MESSAGE = USER_TURN_ON_RADIO

I/BluetoothAdapterState( 2778): Entering PendingCommandState State: isTurningOn()=false, isTurningOff()=false

D/BluetoothAdapterState( 2778): CURRENT_STATE=PENDING, MESSAGE = BEGIN_ENABLE_RADIO, isTurningOnRadio=true, isTurningOffRadio=false

I/bluedroid( 2778): enable

I/bt_hci_bdroid( 2778): init

I/bt_vendor( 2778): init

I/bt_vnd_conf( 2778): Attempt to load conf from /etc/bluetooth/bt_vendor.conf

I/bt_vnd_conf( 2778): vnd_load_conf file >/etc/bluetooth/bt_vendor.conf< not found

I/bt_hci_bdroid( 2778): bt_hc_worker_thread started

I/OMXCodec( 1726): Attempting to allocate OMX node 'OMX.google.vorbis.decoder' mime='audio/vorbis'

I/CalendarProvider2( 2797): Created com.android.providers.calendar.CalendarAlarmManager@41853960(com.android.providers.calendar.CalendarProvider2@4184b5c0)

I/OMXCodec( 1726): Attempting to allocate OMX node 'OMX.google.vorbis.decoder' mime='audio/vorbis'

I/ActivityManager( 2162): Delay finish: com.android.providers.calendar/.CalendarReceiver

I/OMXCodec( 1726): Attempting to allocate OMX node 'OMX.google.vorbis.decoder' mime='audio/vorbis'

I/OMXCodec( 1726): Attempting to allocate OMX node 'OMX.google.vorbis.decoder' mime='audio/vorbis'

I/bt_userial_vendor( 2778): userial vendor open: opening /dev/ttyO1

E/bt_userial_vendor( 2778): userial vendor open: unable to open /dev/ttyO1

E/bt_userial( 2778): userial_open: wrong numbers of open fd in vendor lib [0]!

E/bt_userial( 2778): userial_open: HCI UART expects only one open fd

I/GKI_LINUX( 2778): gki_task_entry: gki_task_entry task_id=0 [BTU] starting

I/bt-btu  ( 2778): btu_task pending for preload complete event

I/CalendarProvider2( 2797): Sending notification intent: Intent { act=android.intent.action.PROVIDER_CHANGED dat=content://com.android.calendar }

W/ContentResolver( 2797): Failed to get type for: content://com.android.calendar (Unknown URL content://com.android.calendar)

I/ActivityManager( 2162): Resuming delayed broadcast

I/ActivityManager( 2162): Start proc com.google.android.configupdater for broadcast com.google.android.configupdater/.CertPin.CertPinUpdateRequestReceiver: pid=2846 uid=10002 gids={50002, 3003, 2001}

E/UpdateRequestReceiver( 2846): ignoring update request

E/UpdateRequestReceiver( 2846): ignoring update request

E/UpdateRequestReceiver( 2846): ignoring update request

E/UpdateRequestReceiver( 2846): ignoring update request

E/UpdateRequestReceiver( 2846): ignoring update request

E/UpdateRequestReceiver( 2846): ignoring update request

I/ActivityManager( 2162): Delay finish: com.android.providers.downloads/.DownloadReceiver

I/ActivityManager( 2162): Resuming delayed broadcast

I/ActivityManager( 2162): Delay finish: com.google.android.gms/.auth.be.recovery.AccountRecoveryBackgroundService$Receiver

I/ActivityManager( 2162): Resuming delayed broadcast

I/ActivityManager( 2162): Start proc com.google.android.gms.ui for broadcast com.google.android.gms/.auth.authzen.GcmReceiverService$Receiver: pid=2876 uid=10008 gids={50008, 3003, 1007, 1028, 1015, 1023, 3007, 2001, 3006}

D/dalvikvm( 1724): GC_EXPLICIT freed 43K, 4% free 3052K/3160K, paused 4ms+2ms, total 29ms

D/dalvikvm( 1724): GC_EXPLICIT freed <1K, 4% free 3053K/3160K, paused 1ms+2ms, total 17ms

D/dalvikvm( 1724): GC_EXPLICIT freed <1K, 4% free 3053K/3160K, paused 2ms+2ms, total 18ms

V/AuthZen ( 2876): Received broadcast action: android.intent.action.BOOT_COMPLETED

I/ActivityManager( 2162): Delay finish: com.google.android.gms/.auth.authzen.GcmReceiverService$Receiver

V/AuthZen ( 2876): Received a GCM message.

V/AuthZen ( 2876): Authzen is disabled

I/ActivityManager( 2162): Resuming delayed broadcast

D/dalvikvm( 2560): GC_CONCURRENT freed 249K, 9% free 3189K/3500K, paused 4ms+1ms, total 31ms

I/ActivityManager( 2162): Delay finish: com.google.android.gms/.icing.impl.SystemEventReceiver

E/GKI_LINUX( 2778): ##### ERROR : timer_thread: tick delayed > 5 slots (-87333042,-50000000) -- cpu overload ? #####

E/GKI_LINUX( 2778): ##### ERROR : timer_thread: tick delayed > 5 slots (-82646917,-50000000) -- cpu overload ? #####

E/GKI_LINUX( 2778): ##### ERROR : timer_thread: tick delayed > 5 slots (-73942167,-50000000) -- cpu overload ? #####

E/GKI_LINUX( 2778): ##### ERROR : timer_thread: tick delayed > 5 slots (-65090792,-50000000) -- cpu overload ? #####

E/GKI_LINUX( 2778): ##### ERROR : timer_thread: tick delayed > 5 slots (-56236542,-50000000) -- cpu overload ? #####

I/ActivityManager( 2162): Resuming delayed broadcast

D/GCM     ( 2657): GcmService start Intent { act=android.intent.action.BOOT_COMPLETED flg=0x8000010 cmp=com.google.android.gms/.gcm.GcmService (has extras) } android.intent.action.BOOT_COMPLETED

I/ActivityManager( 2162): Start proc com.google.android.onetimeinitializer for broadcast com.google.android.onetimeinitializer/.OneTimeInitializerReceiver: pid=2902 uid=10010 gids={50010}

D/dalvikvm( 2627): GC_CONCURRENT freed 352K, 12% free 3417K/3848K, paused 1ms+1ms, total 16ms

I/GCoreUlr( 2627): Ensuring that reporting is stopped because of reasons: (no Google accounts)

D/GCoreFlp( 2627): Unknown pending intent to remove.

I/GCoreUlr( 2627): Unbound from all location providers

V/OneTimeInitializerReceiver( 2902): OneTimeInitializerReceiver.onReceive

I/ActivityManager( 2162): Delay finish: com.google.android.onetimeinitializer/.OneTimeInitializerReceiver

V/OneTimeService( 2902): OneTimeService.onHandleIntent

I/ActivityManager( 2162): Resuming delayed broadcast

I/ActivityManager( 2162): Delay finish: com.google.android.partnersetup/.GooglePartnerSetup

D/dalvikvm( 2657): GC_CONCURRENT freed 306K, 11% free 3333K/3704K, paused 3ms+2ms, total 20ms

I/ActivityManager( 2162): Resuming delayed broadcast

I/ActivityManager( 2162): Delay finish: com.google.android.partnersetup/.RlzPingBroadcastReceiver

I/RlzPingService( 2741): Setting next ping for 1357603348740

I/ActivityManager( 2162): Resuming delayed broadcast

I/ActivityManager( 2162): Delay finish: com.google.android.gsf/.checkin.CheckinService$Receiver

I/ActivityManager( 2162): Resuming delayed broadcast

I/ActivityManager( 2162): Delay finish: com.google.android.gsf/.update.SystemUpdateService$Receiver

I/SystemUpdateService( 2657): cancelUpdate (empty URL)

I/display ( 1723): [DYNAMIC_RECOMP] GLES_2_HWC by high FPS(57)

I/SystemUpdateService( 2657): cancelUpdate (empty URL)

I/ActivityManager( 2162): Resuming delayed broadcast

I/ActivityManager( 2162): Delay finish: com.android.providers.media/.MediaScannerReceiver

D/XYREF5260PowerHAL( 2162): xyref5260_power_hint: 1

D/dalvikvm( 2458): GC_CONCURRENT freed 203K, 8% free 3235K/3500K, paused 3ms+3ms, total 51ms

E/GKI_LINUX( 2778): ##### ERROR : timer_thread: tick delayed > 5 slots (-72235500,-50000000) -- cpu overload ? #####

E/GKI_LINUX( 2778): ##### ERROR : timer_thread: tick delayed > 5 slots (-67643667,-50000000) -- cpu overload ? #####

E/GKI_LINUX( 2778): ##### ERROR : timer_thread: tick delayed > 5 slots (-58823208,-50000000) -- cpu overload ? #####

I/display ( 1723): [DYNAMIC_RECOMP] HWC_2_GLES by low FPS(4)

D/dalvikvm( 2458): GC_FOR_ALLOC freed 320K, 10% free 3428K/3808K, paused 10ms, total 10ms

D/dalvikvm( 2458): GC_CONCURRENT freed 61K, 11% free 3397K/3808K, paused 1ms+7ms, total 22ms

E/bt-btif ( 2778): ...preload_wait_timeout (retried:0/max-retry:0)...

I/bt_hci_bdroid( 2778): bt_hc_worker_thread exiting

D/BTSNOOP-DISP( 2778): btsnoop_close

D/XYREF5260PowerHAL( 2162): xyref5260_power_hint: 0

D/XYREF5260PowerHAL( 2162): xyref5260_power_hint: 1

W/MediaScanner( 2458): Error opening directory '/storage/sdcard1/', skipping: Permission denied.

V/MediaScanner( 2458): pruneDeadThumbnailFiles... android.database.sqlite.SQLiteCursor@41860a48

V/MediaScanner( 2458): /pruneDeadThumbnailFiles... android.database.sqlite.SQLiteCursor@41860a48

D/XYREF5260PowerHAL( 2162): xyref5260_power_hint: 0

I/ActivityManager( 2162): Resuming delayed broadcast

I/ActivityManager( 2162): Start proc com.android.mms for broadcast com.android.mms/.transaction.MmsSystemEventReceiver: pid=2942 uid=10014 gids={50014, 3003, 1028, 1015, 1023}

D/MtpService( 2458): updating state; isCurrentUser=true, mMtpLocked=false

W/bt-btu  ( 2778): btu_task start abort!

I/GKI_LINUX( 2778): gki_task_entry: gki_task task_id=0 [BTU] terminating

I/GKI_LINUX( 2778): GKI_exit_task: GKI_exit_task 0 done

I/GKI_LINUX( 2778): GKI_destroy_task: GKI_shutdown(): task [BTU] terminated

I/GKI_LINUX( 2778): GKI_exit_task: GKI_exit_task 1 done

D/BluetoothAdapterState( 2778): CURRENT_STATE=PENDING, MESSAGE = DISABLED, isTurningOn=false, isTurningOff=false

I/GKI_LINUX( 2778): gki_task_entry: gki_task task_id=1 [BTIF] terminating

D/BluetoothAdapterState( 2778): CURRENT_STATE=PENDING, MESSAGE = STOPPED, isTurningOn=false, isTurningOff=false

D/BluetoothAdapterProperties( 2778): Setting state to 10

I/BluetoothAdapterState( 2778): Bluetooth adapter state changed: 10-> 10

D/BluetoothAdapterService( 2778): Broadcasting updateAdapterState() to 1 receivers.

D/BluetoothManagerService( 2162): onBluetoothStateChange prev=10 new=10

D/BluetoothManagerService( 2162): Message: 60

D/BluetoothManagerService( 2162): MESSAGE_BLUETOOTH_STATE_CHANGE: prevState = 10, newState=10

I/BluetoothAdapterState( 2778): Entering OffState

D/CountryDetector( 2162): The first listener is added

V/MmsConfig( 2942): mnc/mcc: 

V/MmsConfig( 2942): tag: bool value: enabledMMS - true

V/MmsConfig( 2942): tag: int value: maxMessageSize - 307200

V/MmsConfig( 2942): tag: int value: maxImageHeight - 480

V/MmsConfig( 2942): tag: int value: maxImageWidth - 640

V/MmsConfig( 2942): tag: int value: defaultSMSMessagesPerThread - 10000

V/MmsConfig( 2942): tag: int value: defaultMMSMessagesPerThread - 1000

V/MmsConfig( 2942): tag: int value: minMessageCountPerThread - 10

V/MmsConfig( 2942): tag: int value: maxMessageCountPerThread - 5000

V/MmsConfig( 2942): tag: string value: uaProfUrl - http://www.google.com/oha/rdf/ua-profile-kila.xml

V/MmsConfig( 2942): tag: int value: recipientLimit - -1

V/MmsConfig( 2942): tag: bool value: enableMultipartSMS - true

V/MmsConfig( 2942): tag: int value: smsToMmsTextThreshold - -1

V/MmsConfig( 2942): tag: bool value: enableSlideDuration - true

V/MmsConfig( 2942): tag: int value: maxMessageTextSize - -1

I/ActivityManager( 2162): Delay finish: com.android.mms/.transaction.MmsSystemEventReceiver

D/dalvikvm( 2162): GC_EXPLICIT freed 435K, 8% free 6639K/7144K, paused 2ms+4ms, total 44ms

D/Mms:app ( 2942): cancelNotification

D/dalvikvm( 2942): GC_CONCURRENT freed 195K, 8% free 3243K/3504K, paused 2ms+1ms, total 18ms

I/ActivityManager( 2162): Resuming delayed broadcast

I/ActivityManager( 2162): Delay finish: com.android.mms/.transaction.SmsReceiver

D/MmsSmsDatabaseHelper( 2481): [MmsSmsDb] tableName: threads hasAutoIncrement: CREATE TABLE threads (_id INTEGER PRIMARY KEY AUTOINCREMENT,date INTEGER DEFAULT 0,message_count INTEGER DEFAULT 0,recipient_ids TEXT,snippet TEXT,snippet_cs INTEGER DEFAULT 0,read INTEGER DEFAULT 1,type INTEGER DEFAULT 0,error INTEGER DEFAULT 0,has_attachment INTEGER DEFAULT 0) result: true

D/MmsSmsDatabaseHelper( 2481): [MmsSmsDb] tableName: canonical_addresses hasAutoIncrement: CREATE TABLE canonical_addresses (_id INTEGER PRIMARY KEY AUTOINCREMENT,address TEXT) result: true

D/MmsSmsDatabaseHelper( 2481): [MmsSmsDb] tableName: part hasAutoIncrement: CREATE TABLE part (_id INTEGER PRIMARY KEY AUTOINCREMENT,mid INTEGER,seq INTEGER DEFAULT 0,ct TEXT,name TEXT,chset INTEGER,cd TEXT,fn TEXT,cid TEXT,cl TEXT,ctt_s INTEGER,ctt_t TEXT,_data TEXT,text TEXT) result: true

D/MmsSmsDatabaseHelper( 2481): [MmsSmsDb] tableName: pdu hasAutoIncrement: CREATE TABLE pdu (_id INTEGER PRIMARY KEY AUTOINCREMENT,thread_id INTEGER,date INTEGER,date_sent INTEGER DEFAULT 0,msg_box INTEGER,read INTEGER DEFAULT 0,m_id TEXT,sub TEXT,sub_cs INTEGER,ct_t TEXT,ct_l TEXT,exp INTEGER,m_cls TEXT,m_type INTEGER,v INTEGER,m_size INTEGER,pri INTEGER,rr INTEGER,rpt_a INTEGER,resp_st INTEGER,st INTEGER,tr_id TEXT,retr_st INTEGER,retr_txt TEXT,retr_txt_cs INTEGER,read_status INTEGER,ct_cls INTEGER,resp_txt TEXT,d_tm INTEGER,d_rpt INTEGER,locked INTEGER DEFAULT 0,seen INTEGER DEFAULT 0,text_only INTEGER DEFAULT 0) result: true

D/MmsSmsDatabaseHelper( 2481): [getWritableDatabase] hasAutoIncrementThreads: true hasAutoIncrementAddresses: true hasAutoIncrementPart: true hasAutoIncrementPdu: true

D/dalvikvm( 2481): GC_CONCURRENT freed 269K, 9% free 3393K/3724K, paused 3ms+2ms, total 22ms

D/Mms:app ( 2942): cancelNotification

I/ActivityManager( 2162): Resuming delayed broadcast

I/ActivityManager( 2162): Start proc com.android.onetimeinitializer for broadcast com.android.onetimeinitializer/.OneTimeInitializerReceiver: pid=2974 uid=10016 gids={50016}

V/OneTimeInitializerRece( 2974): OneTimeInitializerReceiver.onReceive

I/ActivityManager( 2162): Delay finish: com.android.onetimeinitializer/.OneTimeInitializerReceiver

I/ActivityManager( 2162): Resuming delayed broadcast

I/ActivityManager( 2162): Start proc com.android.vending for broadcast com.android.vending/com.google.android.finsky.receivers.BootCompletedReceiver: pid=2989 uid=10017 gids={50017, 3003, 1028, 1015, 1023}

D/Finsky  ( 2989): [1] FinskyApp.onCreate: Initializing network with DFE https://android.clients.google.com/fdfe/

D/Finsky  ( 2989): [1] DailyHygiene.goMakeHygieneIfDirty: Dirty, need more hygiene.

D/dalvikvm( 2989): GC_CONCURRENT freed 285K, 10% free 3280K/3628K, paused 4ms+4ms, total 60ms

D/dalvikvm( 2989): WAIT_FOR_CONCURRENT_GC blocked 11ms

W/Settings( 2989): Setting download_manager_max_bytes_over_mobile has moved from android.provider.Settings.Secure to android.provider.Settings.Global.

W/Settings( 2989): Setting download_manager_recommended_max_bytes_over_mobile has moved from android.provider.Settings.Secure to android.provider.Settings.Global.

W/Finsky  ( 2989): [1] FinskyApp.getCurrentAccount: No account configured on this device.

W/Finsky  ( 2989): [1] FinskyApp.getDfeApi: No account configured on this device.

I/ActivityManager( 2162): Start proc com.google.android.googlequicksearchbox:search for broadcast com.google.android.googlequicksearchbox/com.google.android.search.core.StartUpReceiver: pid=3022 uid=10020 gids={50020, 3003, 1028, 3002, 1015, 1023}

D/Finsky  ( 2989): [1] GmsCoreHelper.cleanupNlp: result=false type=4

D/Finsky  ( 2989): [1] RestoreTracker.stopServiceIfDone: Restore complete with 0 success and 0 failed.

D/dalvikvm( 3022): GC_CONCURRENT freed 242K, 9% free 3293K/3600K, paused 10ms+7ms, total 46ms

D/HandsFreeIntentActivity( 3022): shouldBeEnabled: locale=en-US

D/HandsFreeIntentActivity( 3022): Voice dialer enabled state: true

V/GelStubAppWatcher( 3022): onReceive: android.intent.action.BOOT_COMPLETED

I/ActivityManager( 2162): Start proc com.android.voicedialer for broadcast com.android.voicedialer/.VoiceDialerReceiver: pid=3047 uid=10021 gids={50021, 3002}

I/ActivityManager( 2162): Start proc com.android.calendar for broadcast com.android.calendar/.alerts.AlertReceiver: pid=3060 uid=10029 gids={50029, 3003}

D/ExtensionsFactory( 3060): No custom extensions.

D/AlertReceiver( 3060): onReceive: a=android.intent.action.BOOT_COMPLETED Intent { act=android.intent.action.BOOT_COMPLETED flg=0x8000010 cmp=com.android.calendar/.alerts.AlertReceiver (has extras) }

D/AlertService( 3060): 0 Action = android.intent.action.BOOT_COMPLETED

I/ActivityManager( 2162): Delay finish: com.android.calendar/.alerts.AlertReceiver

D/AlertService( 3060): Scheduling next alarm with AlarmScheduler. sEventReminderReceived: null

D/AlarmScheduler( 3060): No events found starting within 1 week.

D/BluetoothAdapterState( 2778): ERROR: UNEXPECTED MESSAGE: CURRENT_STATE=OFF, MESSAGE = 101

I/ActivityManager( 2162): Waited long enough for: ServiceRecord{41c155b8 u0 com.android.music/.MediaPlaybackService}

I/ActivityManager( 2162): Resuming delayed broadcast

I/ActivityManager( 2162): Start proc com.android.deskclock for broadcast com.android.deskclock/.AlarmInitReceiver: pid=3082 uid=10032 gids={50032, 1028}

V/AlarmClock( 3082): AlarmInitReceiver android.intent.action.BOOT_COMPLETED

V/AlarmClock( 3082): AlarmInitReceiver - Reset timers and clear stopwatch data

I/AlarmClock( 3082): Displaying next alarm time: ''

V/AlarmClock( 3082): AlarmInitReceiver finished

I/ActivityManager( 2162): Start proc com.android.email for broadcast com.android.email/.service.EmailBroadcastReceiver: pid=3098 uid=10035 gids={50035, 3003, 1028, 1015, 1023}

D/ActivityThread( 3098): Loading provider com.android.email.provider;com.android.email.notifier: com.android.email.provider.EmailProvider

I/ActivityManager( 2162): Delay finish: com.android.email/.service.EmailBroadcastReceiver

D/dalvikvm( 3098): GC_CONCURRENT freed 265K, 10% free 3222K/3552K, paused 3ms+1ms, total 21ms

W/ActivityManager( 2162): Unable to start service Intent { cmp=com.android.email/.service.AttachmentDownloadService } U=0: not found

I/Email   ( 3098): Observing account changes for notifications

W/ActivityManager( 2162): Unable to start service Intent { cmp=com.android.email/.service.AttachmentDownloadService } U=0: not found

I/ActivityManager( 2162): Delaying start of: ServiceRecord{41bf13e0 u0 com.android.exchange/.service.EmailSyncAdapterService}

I/ActivityManager( 2162): Start proc com.android.exchange for service com.android.exchange/.service.EmailSyncAdapterService: pid=3119 uid=10036 gids={50036, 3003, 1028, 1015, 1023}

I/ActivityManager( 2162): Killing 2541:android.process.acore/u0a3 (adj 15): empty #17

I/ActivityManager( 2162): Resuming delayed broadcast

I/ActivityManager( 2162): Start proc com.google.android.apps.genie.geniewidget for broadcast com.google.android.apps.genie.geniewidget/.miniwidget.MiniWidgetProvider: pid=3134 uid=10040 gids={50040, 3003, 1028, 1015, 1023}

I/ActivityManager( 2162): Killing 2712:com.google.android.apps.uploader/u0a52 (adj 15): empty #17

D/dalvikvm( 1724): GC_EXPLICIT freed 42K, 4% free 3052K/3160K, paused 3ms+2ms, total 32ms

D/dalvikvm( 1724): GC_EXPLICIT freed <1K, 4% free 3052K/3160K, paused 2ms+1ms, total 20ms

I/ActivityManager( 2162): Waited long enough for: ServiceRecord{41bd8bd8 u0 com.google.android.gms/.gcm.GcmService}

D/dalvikvm( 1724): GC_EXPLICIT freed <1K, 4% free 3052K/3160K, paused 2ms+1ms, total 18ms

I/System.out( 3134): [INFO:9]: LogSource: Logging disabled

W/Genie   ( 3134): Cache file not found: java.io.FileNotFoundException: /data/data/com.google.android.apps.genie.geniewidget/cache/genie_masfcache: open failed: ENOENT (No such file or directory)

W/Genie   ( 3134): Cache file not found: java.io.FileNotFoundException: /data/data/com.google.android.apps.genie.geniewidget/cache/genie_iconcache: open failed: ENOENT (No such file or directory)

I/Genie   ( 3134): MiniWidgetModel()

V/Genie   ( 3134): onReceive: intent action=android.intent.action.BOOT_COMPLETED

I/Genie   ( 3134): ignoring BOOT_COMPLETE since app has never been started

I/ActivityManager( 2162): Start proc com.google.android.gm for broadcast com.google.android.gm/.GoogleMailDeviceStartupReceiver: pid=3152 uid=10041 gids={50041, 3003, 1028, 1015, 1023}

I/ActivityManager( 2162): Killing 2685:com.android.settings/1000 (adj 15): empty #17

D/ActivityThread( 3152): Loading provider com.android.gmail.ui: com.google.android.gm.provider.GmailProvider

D/dalvikvm( 3152): GC_CONCURRENT freed 252K, 9% free 3290K/3608K, paused 3ms+3ms, total 45ms

W/GAV2    ( 3152): Thread[main,5,main]: Need to call initialize() and be in fallback mode to start dispatch.

I/ActivityManager( 2162): Delay finish: com.google.android.gm/.MailIntentReceiver

I/ActivityManager( 2162): Resuming delayed broadcast

I/ActivityManager( 2162): Start proc com.google.android.talk for broadcast com.google.android.talk/com.google.android.apps.babel.service.BootReceiver: pid=3180 uid=10046 gids={50046, 3003, 1028, 1015, 1023, 3002}

D/dalvikvm( 2560): No JNI_OnLoad found in /system/lib/libAppDataSearch.so 0x41840a90, skipping init

I/ActivityManager( 2162): Start proc android.process.acore for content provider com.android.providers.contacts/.ContactsProvider2: pid=3194 uid=10003 gids={50003, 3003, 1028, 1015, 1023}

D/Icing   ( 2560): Default language: en

D/Icing   ( 2560): Init last flush num docs 0 last docstore size 0

D/Icing   ( 2560): Docid map file has no data, nothing to scan

D/Icing   ( 2560): File /data/data/com.google.android.gms/files/AppDataSearch/main/cur/ds.perdocdata contains 0 records of size 6

D/Icing   ( 2560): Corpus scoring data inited successfully num corpora 2

D/Icing   ( 2560): Init docstore ok num docs 38 bytes 9984

V/Icing   ( 2560): Lite index crc computed in 0.246ms

V/Icing   ( 2560): Lite index init ok in 12.227ms

D/Icing   ( 2560): Lite index recovered docid (1048575, 37]

V/Icing   ( 2560): Warming lite-index took 0.045ms

V/Icing   ( 2560): Warming lexicon took 0.017ms

V/Icing   ( 2560): Warming display mappings took 0.017ms

D/Icing   ( 2560): Init index ok num docs 38

D/Icing   ( 2560): Init done

D/dalvikvm( 2560): GC_CONCURRENT freed 292K, 10% free 3341K/3696K, paused 3ms+3ms, total 26ms

D/dalvikvm( 3194): GC_CONCURRENT freed 245K, 9% free 3280K/3596K, paused 3ms+2ms, total 41ms

W/ContextImpl( 3180): Implicit intents with startService are not safe: Intent { act=com.google.android.c2dm.intent.REGISTER (has extras) } android.content.ContextWrapper.startService:494 com.google.android.apps.babel.realtimechat.GcmIntentService.lh:351 com.google.android.apps.babel.realtimechat.dv.bn:152 

D/dalvikvm( 2162): GC_EXPLICIT freed 465K, 8% free 6746K/7284K, paused 2ms+3ms, total 48ms

I/ContactLocale( 3194): AddressBook Labels [en_US]: [, A, B, C, D, E, F, G, H, I, J, K, L, M, N, O, P, Q, R, S, T, U, V, W, X, Y, Z, Α, Β, Γ, Δ, Ε, Ζ, Η, Θ, Ι, Κ, Λ, Μ, Ν, Ξ, Ο, Π, Ρ, Σ, Τ, Υ, Φ, Χ, Ψ, Ω, , А, Б, В, Г, Д, Е, Є, Ж, З, И, І, Ї, Й, К, Л, М, Н, О, П, Р, С, Т, У, Ф, Х, Ц, Ч, Ш, Щ, Ю, Я, , א, ב, ג, ד, ה, ו, ז, ח, ט, י, כ, ל, מ, נ, ס, ע, פ, צ, ק, ר, ש, ת, , ا, ب, ت, ث, ج, ح, خ, د, ذ, ر, ز, س, ش, ص, ض, ط, ظ, ع, غ, ف, ق, ك, ل, م, ن, ه, و, ي, , ก, ข, ฃ, ค, ฅ, ฆ, ง, จ, ฉ, ช, ซ, ฌ, ญ, ฎ, ฏ, ฐ, ฑ, ฒ, ณ, ด, ต, ถ, ท, ธ, น, บ, ป, ผ, ฝ, พ, ฟ, ภ, ม, ย, ร, ฤ, ล, ฦ, ว, ศ, ษ, ส, ห, ฬ, อ, ฮ, , ㄱ, ㄴ, ㄷ, ㄹ, ㅁ, ㅂ, ㅅ, ㅇ, ㅈ, ㅊ, ㅋ, ㅌ, ㅍ, ㅎ, , あ, か, さ, た, な, は, ま, や, ら, わ, #, ]

D/dalvikvm( 3180): GC_CONCURRENT freed 257K, 10% free 3239K/3560K, paused 5ms+44ms, total 197ms

I/ActivityManager( 2162): Killing 2763:com.android.dialer/u0a5 (adj 15): empty #17

I/MmsConfig( 3180): MmsConfig.init: mnc/mcc: 0/0

W/Settings( 3180): Setting airplane_mode_on has moved from android.provider.Settings.System to android.provider.Settings.Global, returning read-only value.

I/Babel   ( 3180): ### loadDeviceMmsSettings from API: mUserAgent=Android-Mms/0.1, mUaProfUrl=http://www.google.com/oha/rdf/ua-profile-kila.xml

V/MmsConfig( 3180): tag: bool value: enabledMMS - true

V/MmsConfig( 3180): tag: int value: maxMessageSize - 307200

V/MmsConfig( 3180): tag: int value: maxImageHeight - 480

V/MmsConfig( 3180): tag: int value: maxImageWidth - 640

V/MmsConfig( 3180): tag: int value: recipientLimit - -1

V/MmsConfig( 3180): tag: bool value: enableMultipartSMS - true

V/MmsConfig( 3180): tag: int value: smsToMmsTextThreshold - -1

V/MmsConfig( 3180): tag: int value: maxMessageTextSize - -1

I/Babel   ( 3180): ### loadMmsSettings: mUserAgent=Android-Mms/0.1, mUaProfUrl=http://www.google.com/oha/rdf/ua-profile-kila.xml

D/dalvikvm( 2657): GC_CONCURRENT freed 320K, 11% free 3400K/3784K, paused 8ms+3ms, total 30ms

W/GCM     ( 2657): DIR: /data/data/com.google.android.gms/app_APP /data/data/com.google.android.gsf

W/GCM     ( 2657): DIR: /data/data/com.google.android.gms/app_APP /data/data/com.google.android.gsf

I/ActivityManager( 2162): Killing 2797:com.android.providers.calendar/u0a1 (adj 15): empty #17

V/Babel   ( 3180): babel boot account: SMS

I/ActivityManager( 2162): Killing 2846:com.google.android.configupdater/u0a2 (adj 15): empty #17

I/LauncherIconVisibilityManager( 2472): Boot has been completed

I/LauncherIconVisibilityManager( 2472): Activity has already been disabled: ComponentInfo{com.android.inputmethod.latin/com.android.inputmethod.latin.setup.SetupActivity}

D/dalvikvm( 3180): GC_CONCURRENT freed 426K, 14% free 3275K/3768K, paused 4ms+3ms, total 23ms

I/ActivityManager( 2162): Start proc com.otaupdater for broadcast com.otaupdater/.UpdateCheckReceiver: pid=3232 uid=1000 gids={41000, 3003, 1028, 1015, 1023, 3002, 3001}

V/OTA::Receiver( 3232): No stored update

V/OTA::Receiver( 3232): Found market, trying GCM

V/GCMRegistrar( 3232): Registering receiver

D/GCMRegistrar( 3232): resetting backoff for com.otaupdater

V/GCMRegistrar( 3232): Registering app com.otaupdater of senders 1068482628480

W/ContextImpl( 3232): Calling a method in the system process without a qualified user: android.app.ContextImpl.startService:1479 android.content.ContextWrapper.startService:494 com.google.android.gcm.GCMRegistrar.internalRegister:223 com.google.android.gcm.GCMRegistrar.register:204 com.otaupdater.UpdateCheckReceiver.onReceive:70 

V/OTA::GCMRegister( 3232): GCM registered

I/ActivityManager( 2162): Start proc com.google.android.inputmethod.pinyin for broadcast com.google.android.inputmethod.pinyin/com.google.android.apps.inputmethod.libs.framework.core.LauncherIconVisibilityInitializer: pid=3252 uid=10061 gids={50061, 3003}

I/ActivityManager( 2162): Killing 2876:com.google.android.gms.ui/u0a8 (adj 15): empty #17

D/dalvikvm( 2657): GC_CONCURRENT freed 384K, 13% free 3407K/3876K, paused 1ms+2ms, total 13ms

D/dalvikvm( 3252): No JNI_OnLoad found in /system/lib/libpinyin_data_bundle.so 0x4183a668, skipping init

D/dalvikvm( 3252): No JNI_OnLoad found in /system/lib/libgnustl_shared.so 0x4183a668, skipping init

I/AndroidIME( 3252): com.google.android.apps.inputmethod.libs.framework.core.LauncherIconVisibilityInitializerBase: android.intent.action.BOOT_COMPLETED

W/BroadcastQueue( 2162): Permission Denial: receiving Intent { act=android.intent.action.BOOT_COMPLETED flg=0x8000010 (has extras) } to me.abitno.vplayer.t/io.vov.vitamio.MediaScannerReceiver requires android.permission.RECEIVE_BOOT_COMPLETED due to sender null (uid 1000)

I/ActivityManager( 2162): Killing 2902:com.google.android.onetimeinitializer/u0a10 (adj 15): empty #17

W/ContextImpl( 2560): Implicit intents with startService are not safe: Intent { act=com.google.android.gms.INITIALIZE } android.content.ContextWrapper.startService:494 android.content.ContextWrapper.startService:494 com.google.android.gms.init.InitializeGmsReceiver.onReceive:29 

D/GCM     ( 2657): GcmService start Intent { act=com.google.android.gms.INITIALIZE flg=0x10 pkg=com.google.android.gms cmp=com.google.android.gms/.gcm.GcmService } com.google.android.gms.INITIALIZE

I/ActivityManager( 2162): Start proc com.android.settings for broadcast com.android.settings/.widget.SettingsAppWidgetProvider: pid=3270 uid=1000 gids={41000, 3003, 1028, 1015, 1023, 3002, 3001}

D/BluetoothManagerService( 2162): Message: 30

D/BluetoothManagerService( 2162): Message: 30

W/ContextImpl( 3270): Calling a method in the system process without a qualified user: android.app.ContextImpl.bindService:1543 android.content.ContextWrapper.bindService:517 android.bluetooth.BluetoothInputDevice.doBind:245 android.bluetooth.BluetoothInputDevice.<init>:238 android.bluetooth.BluetoothAdapter.getProfileProxy:1249 

D/LocalBluetoothProfileManager( 3270): Adding local MAP profile

D/BluetoothMap( 3270): Create BluetoothMap proxy object

W/ContextImpl( 3270): Calling a method in the system process without a qualified user: android.app.ContextImpl.bindService:1543 android.content.ContextWrapper.bindService:517 android.bluetooth.BluetoothPan.doBind:149 android.bluetooth.BluetoothPan.<init>:141 android.bluetooth.BluetoothAdapter.getProfileProxy:1252 

D/BluetoothManagerService( 2162): Message: 30

W/ContextImpl( 3270): Calling a method in the system process without a qualified user: android.app.ContextImpl.bindService:1543 android.content.ContextWrapper.bindService:517 android.bluetooth.BluetoothMap.doBind:109 android.bluetooth.BluetoothMap.<init>:102 android.bluetooth.BluetoothAdapter.getProfileProxy:1258 

D/BluetoothManagerService( 2162): Message: 30

W/ContextImpl( 3270): Calling a method in the system process without a qualified user: android.app.ContextImpl.bindService:1543 android.content.ContextWrapper.bindService:517 android.bluetooth.BluetoothPbap.doBind:164 android.bluetooth.BluetoothPbap.<init>:157 com.android.settings.bluetooth.PbapServerProfile.<init>:68 

D/LocalBluetoothProfileManager( 3270): LocalBluetoothProfileManager construction complete

D/AlertReceiver( 3060): onReceive: a=android.intent.action.PROVIDER_CHANGED Intent { act=android.intent.action.PROVIDER_CHANGED dat=content://com.android.calendar flg=0x10 cmp=com.android.calendar/.alerts.AlertReceiver }

I/ActivityManager( 2162): Killing 2518:com.android.printspooler/u0a62 (adj 15): empty #17

D/AlertService( 3060): 0 Action = android.intent.action.PROVIDER_CHANGED

I/ActivityManager( 2162): Start proc com.android.providers.calendar for content provider com.android.providers.calendar/.CalendarProvider2: pid=3287 uid=10001 gids={50001, 3003, 1028, 1015, 1023}

W/ContextImpl( 2560): Implicit intents with startService are not safe: Intent { act=com.google.android.gms.INITIALIZE } android.content.ContextWrapper.startService:494 android.content.ContextWrapper.startService:494 com.google.android.gms.init.InitializeGmsReceiver.onReceive:29 

I/ActivityManager( 2162): Delay finish: com.google.android.gms/.init.InitializeGmsReceiver

I/ActivityManager( 2162): Resuming delayed broadcast

D/GCM     ( 2657): GcmService start Intent { act=com.google.android.gms.INITIALIZE flg=0x10 pkg=com.google.android.gms cmp=com.google.android.gms/.gcm.GcmService } com.google.android.gms.INITIALIZE

V/SmsReceiverService( 2942): onStart: #1 mResultCode: -1 = Activity.RESULT_OK

I/ActivityManager( 2162): Delay finish: com.android.mms/.transaction.SmsReceiver

I/CalendarProvider2( 3287): Created com.android.providers.calendar.CalendarAlarmManager@41850f80(com.android.providers.calendar.CalendarProvider2@41848bd0)

I/CalendarProvider2( 3287): Sending notification intent: Intent { act=android.intent.action.PROVIDER_CHANGED dat=content://com.android.calendar }

W/ContentResolver( 3287): Failed to get type for: content://com.android.calendar (Unknown URL content://com.android.calendar)

I/ActivityManager( 2162): Resuming delayed broadcast

I/ActivityManager( 2162): Delay finish: com.android.providers.calendar/.CalendarProviderBroadcastReceiver

I/ActivityManager( 2162): Resuming delayed broadcast

I/ActivityManager( 2162): Delay finish: com.google.android.gm/.MailIntentReceiver

I/ActivityManager( 2162): Resuming delayed broadcast

I/ActivityManager( 2162): Delay finish: com.google.android.talk/com.google.android.apps.babel.realtimechat.MessagesAvailableReceiver

I/Babel   ( 3180): [GcmIntentService] gcm error: AUTHENTICATION_FAILED

W/ContextImpl( 3180): Implicit intents with startService are not safe: Intent { act=com.google.android.c2dm.intent.REGISTER (has extras) } android.content.ContextWrapper.startService:494 com.google.android.apps.babel.realtimechat.GcmIntentService.lh:351 com.google.android.apps.babel.realtimechat.dv.AN:269 

I/ActivityManager( 2162): Delaying start of: ServiceRecord{41b536f8 u0 com.google.android.gms/.gcm.PushMessagingRegistrarProxy}

W/GCM     ( 2657): DIR: /data/data/com.google.android.gms/app_APP /data/data/com.google.android.gsf

I/ActivityManager( 2162): Killing 2974:com.android.onetimeinitializer/u0a16 (adj 15): empty #17

W/GCM     ( 2657): DIR: /data/data/com.google.android.gms/app_APP /data/data/com.google.android.gsf

V/GCMBroadcastReceiver( 3232): onReceive: com.google.android.c2dm.intent.REGISTRATION

V/GCMBroadcastReceiver( 3232): GCM IntentService class: com.otaupdater.GCMIntentService

I/ActivityManager( 2162): Resuming delayed broadcast

V/GCMBaseIntentService( 3232): Acquiring wakelock

W/ContextImpl( 3232): Calling a method in the system process without a qualified user: android.app.ContextImpl.startService:1479 android.content.ContextWrapper.startService:494 android.content.ContextWrapper.startService:494 com.google.android.gcm.GCMBaseIntentService.runIntentInService:237 com.google.android.gcm.GCMBroadcastReceiver.onReceive:46 

I/ActivityManager( 2162): Delay finish: com.otaupdater/com.google.android.gcm.GCMBroadcastReceiver

D/dalvikvm( 2657): GC_CONCURRENT freed 380K, 12% free 3425K/3876K, paused 3ms+2ms, total 29ms

D/GCMBaseIntentService( 3232): handleRegistration: registrationId = null, error = AUTHENTICATION_FAILED, unregistered = null

D/GCMBaseIntentService( 3232): Registration error: AUTHENTICATION_FAILED

E/OTA::GCMError( 3232): AUTHENTICATION_FAILED

V/GCMBaseIntentService( 3232): Releasing wakelock

I/ActivityManager( 2162): Resuming delayed broadcast

I/ActivityManager( 2162): Delay finish: com.google.android.talk/com.google.android.apps.babel.realtimechat.RealTimeChatService$AlarmReceiver

D/dalvikvm( 3180): GC_CONCURRENT freed 320K, 11% free 3376K/3768K, paused 3ms+5ms, total 29ms

D/AlertReceiver( 3060): onReceive: a=android.intent.action.PROVIDER_CHANGED Intent { act=android.intent.action.PROVIDER_CHANGED dat=content://com.android.calendar flg=0x10 cmp=com.android.calendar/.alerts.AlertReceiver }

I/ActivityManager( 2162): Resuming delayed broadcast

I/ActivityManager( 2162): Delay finish: com.google.android.talk/com.google.android.apps.babel.realtimechat.MessagesAvailableReceiver

I/Babel   ( 3180): [GcmIntentService] gcm error: AUTHENTICATION_FAILED

E/Babel   ( 3180): Gcm registration failed

I/ActivityManager( 2162): Resuming delayed broadcast

W/GAV2    ( 3152): Thread[GAThread,5,main]: Service unavailable (code=1), will retry.

W/ActivityManager( 2162): Unable to start service Intent { act=com.google.android.gms.analytics.service.START cmp=com.google.android.gms/.analytics.service.AnalyticsService (has extras) } U=0: not found

I/GAV2    ( 3152): Thread[GAThread,5,main]: No campaign data found.

D/dalvikvm( 3152): GC_CONCURRENT freed 313K, 11% free 3368K/3748K, paused 3ms+2ms, total 24ms

I/ActivityManager( 2162): Waited long enough for: ServiceRecord{41bc8780 u0 com.android.calendar/.alerts.InitAlarmsService}

I/GlobalDismissManager( 3060): no sender configured

D/AlertService( 3060): Beginning updateAlertNotification

D/AlertService( 3060): No fired or scheduled alerts

D/AlertService( 3060): Scheduling next alarm with AlarmScheduler. sEventReminderReceived: null

D/AlarmScheduler( 3060): No events found starting within 1 week.

D/AlertService( 3060): 0 Action = android.intent.action.PROVIDER_CHANGED

W/GAV2    ( 3152): Thread[Service Reconnect,5,main]: Service unavailable (code=1), using local store.

W/ActivityManager( 2162): Unable to start service Intent { act=com.google.android.gms.analytics.service.START cmp=com.google.android.gms/.analytics.service.AnalyticsService (has extras) } U=0: not found

I/GlobalDismissManager( 3060): no sender configured

D/AlertService( 3060): Beginning updateAlertNotification

D/AlertService( 3060): No fired or scheduled alerts

D/AlertService( 3060): Scheduling next alarm with AlarmScheduler. sEventReminderReceived: null

D/AlarmScheduler( 3060): No events found starting within 1 week.

D/InitAlarmsService( 3060): Clearing and rescheduling alarms.

I/ActivityManager( 2162): Killing 2741:com.google.android.partnersetup/u0a11 (adj 15): empty #17

W/Uploader( 2560): No account for auth token provided

D/Uploader( 2560): Network request failed class java.net.UnknownHostException(Unable to resolve host "play.googleapis.com": No address associated with hostname)

I/display ( 1723): [DYNAMIC_RECOMP] GLES_2_HWC by high FPS(6)

I/display ( 1723): [DYNAMIC_RECOMP] HWC_2_GLES by low FPS(0)

I/MediaFocusControl( 2162):  AudioFocus  abandonAudioFocus() from android.media.AudioManager@4183efe8com.android.music.MediaPlaybackService$3@4183de68

I/ActivityManager( 2162): Start proc com.android.musicfx for broadcast com.android.musicfx/.ControlPanelReceiver: pid=3342 uid=10015 gids={50015, 3003, 3002}

I/ActivityManager( 2162): Killing 2728:com.android.music/u0a53 (adj 15): empty #17

W/MediaFocusControl( 2162):   RemoteControlClient died

V/KeyguardHostView( 2382): hide transport, gen:4

V/MusicFXControlPanelReceiver( 3342): onReceive

V/MusicFXControlPanelReceiver( 3342): Action: android.media.action.CLOSE_AUDIO_EFFECT_CONTROL_SESSION

V/MusicFXControlPanelReceiver( 3342): Package name: com.android.music

V/MusicFXControlPanelReceiver( 3342): Audio session: 9

V/MusicFXControlPanelEffect( 3342): closeSession(android.app.ReceiverRestrictedContext@4183e1e8, com.android.music, 9)

I/ActivityManager( 2162): Killing 3022:com.google.android.googlequicksearchbox:search/u0a20 (adj 15): empty #17

D/dalvikvm( 2162): GC_CONCURRENT freed 813K, 12% free 6852K/7736K, paused 4ms+4ms, total 54ms

W/SocketClient( 1721): write error (Broken pipe)

I/display ( 1723): [DYNAMIC_RECOMP] GLES_2_HWC by high FPS(6)

I/display ( 1723): [DYNAMIC_RECOMP] HWC_2_GLES by low FPS(0)

D/dalvikvm( 2162): GC_CONCURRENT freed 878K, 13% free 6867K/7824K, paused 4ms+5ms, total 57ms

I/display ( 1723): [DYNAMIC_RECOMP] GLES_2_HWC by high FPS(7)

I/display ( 1723): [DYNAMIC_RECOMP] HWC_2_GLES by low FPS(0)

I/display ( 1723): [DYNAMIC_RECOMP] GLES_2_HWC by high FPS(7)

I/display ( 1723): [DYNAMIC_RECOMP] HWC_2_GLES by low FPS(0)

D/dalvikvm( 2162): GC_CONCURRENT freed 874K, 13% free 6863K/7852K, paused 3ms+5ms, total 51ms

