--------- beginning of /dev/log/main

I/installd( 1727): installd firing up

I/DEBUG   ( 1722): debuggerd: Apr 27 2015 11:20:52

E/DirectVolume( 1720): Vold managed volumes must have auto mount point; ignoring /storage/sdcard1

--------- beginning of /dev/log/system

I/Vold    ( 1720): Vold 2.1 (the revenge) firing up

D/Vold    ( 1720): Volume sdcard1 state changing -1 (Initializing) -> 0 (No-Media)

I/Netd    ( 1721): Netd 1.0 starting

W/InterfaceController( 1721): Warning (dlopen failed: library "/system/lib/libnetcmdiface.so" not found) while opening the net interface command library

I/SurfaceFlinger( 1723): SurfaceFlinger is starting

I/SurfaceFlinger( 1723): SurfaceFlinger's main thread ready to run. Initializing graphics H/W...

I/mediaserver( 1726): ServiceManager: 0x40b644e0

I/AudioFlinger( 1726): Using default 3000 mSec as standby time.

I/CameraService( 1726): CameraService started (pid=1726)

I/CameraService( 1726): Loaded "Exynos Camera HAL1" camera module

D/ExynosCameraInterface( 1726): DEBUG:duration time(    0 msec):(HAL_getNumberOfCameras)

I/AudioPolicyManagerBase( 1726): loadAudioPolicyConfig() loaded /system/etc/audio_policy.conf

E/audio_hw_primary( 1726): AIF1DRC1 Mode mixer does not exist!

E/audio_hw_primary( 1726): AIF2DACL Mux mixer does not exist!

E/audio_hw_primary( 1726): AIF2DACR Mux mixer does not exist!

E/audio_hw_primary( 1726): AIF2_MONO mixer does not exist!

E/audio_hw_primary( 1726): AIF1DRC1 Mode mixer does not exist!

E/audio_hw_primary( 1726): AIF2DRC Mode mixer does not exist!

E/audio_hw_primary( 1726): AIF2_MONO mixer does not exist!

E/audio_hw_primary( 1726): AIF2DACL Mux mixer does not exist!

E/audio_hw_primary( 1726): AIF2DACR Mux mixer does not exist!

E/audio_hw_primary( 1726): AIF2DAC_MUTE mixer does not exist!

E/audio_hw_primary( 1726): AIF2DAC_MUTE mixer does not exist!

E/audio_hw_primary( 1726): AIF1DRC1 Mode mixer does not exist!

E/audio_hw_primary( 1726): Control 'AIF1ADC1L Mixer ADC/DMIC Switch' already exists in path 'voice-rec-main-mic'

D/libEGL  ( 1723): loaded /vendor/lib/egl/libGLES_mali.so

I/        ( 1723): PLATFORM VERSION : JB-MR-2

I/gralloc ( 1723): using (id=)

I/gralloc ( 1723): xres         = 800 px

I/gralloc ( 1723): yres         = 1280 px

I/gralloc ( 1723): width        = 71 mm (286.197174 dpi)

I/gralloc ( 1723): height       = 114 mm (285.192993 dpi)

I/gralloc ( 1723): refresh rate = 64.24 Hz

D/hwcomposer( 1723): using

D/hwcomposer( 1723): xres         = 800 px

D/hwcomposer( 1723): yres         = 1280 px

D/hwcomposer( 1723): width        = 71 mm (286.197000 dpi)

D/hwcomposer( 1723): height       = 114 mm (285.192000 dpi)

D/hwcomposer( 1723): refresh rate = 64 Hz

D/libexynosv4l2-subdev( 1723): try node: /dev/v4l-subdev0

D/libexynosv4l2-subdev( 1723): try node: /dev/v4l-subdev1

D/libexynosv4l2-subdev( 1723): try node: /dev/v4l-subdev2

I/libexynosv4l2-subdev( 1723): node found for device s5p-mixer0: /dev/v4l-subdev2

I/libexynosv4l2-subdev( 1723): open subdev device /dev/v4l-subdev2

I/hwcomposer( 1723): Failed to open vsync attribute at /sys/devices/platform/exynos-sysmmu.11/exynos5-fb.1/vsync

I/hwcomposer( 1723): Retrying with /sys/devices/platform/exynos-sysmmu.11/exynos5-fb.1/vsync

I/hwcomposer( 1723): PSR info devname = /sys/devices/platform/exynos-sysmmu.30/exynos-sysmmu.11/exynos5-fb.1/psr_info

I/hwcomposer( 1723): PSR mode is 0(0: video mode, 1: DP PSR mode, 2: MIPI-DSI command mode)

I/SurfaceFlinger( 1723): Using composer version 1.3

I/SurfaceFlinger( 1723): EGL informations:

I/SurfaceFlinger( 1723): vendor    : Android

I/SurfaceFlinger( 1723): version   : 1.4 Android META-EGL

I/SurfaceFlinger( 1723): extensions: EGL_KHR_get_all_proc_addresses EGL_ANDROID_presentation_time EGL_KHR_image EGL_KHR_image_base EGL_KHR_gl_texture_2D_image EGL_KHR_gl_texture_cubemap_image EGL_KHR_gl_renderbuffer_image EGL_KHR_fence_sync EGL_KHR_create_context EGL_ANDROID_image_native_buffer EGL_KHR_wait_sync EGL_ANDROID_recordable 

I/SurfaceFlinger( 1723): Client API: OpenGL_ES

I/SurfaceFlinger( 1723): EGLSurface: 8-8-8-8, config=0x40f00b04

I/SurfaceFlinger( 1723): OpenGL ES informations:

I/SurfaceFlinger( 1723): vendor    : ARM

I/SurfaceFlinger( 1723): renderer  : Mali-T624

I/SurfaceFlinger( 1723): version   : OpenGL ES 3.0

I/SurfaceFlinger( 1723): extensions: GL_EXT_debug_marker GL_ARM_rgba8 GL_ARM_mali_shader_binary GL_OES_depth24 GL_OES_depth_texture GL_OES_depth_texture_cube_map GL_OES_packed_depth_stencil GL_OES_rgb8_rgba8 GL_EXT_read_format_bgra GL_OES_compressed_paletted_texture GL_OES_compressed_ETC1_RGB8_texture GL_OES_standard_derivatives GL_OES_EGL_image GL_OES_EGL_image_external GL_OES_EGL_sync GL_OES_texture_npot GL_OES_vertex_half_float GL_OES_required_internalformat GL_OES_vertex_array_object GL_OES_mapbuffer GL_EXT_texture_format_BGRA8888 GL_EXT_texture_rg GL_EXT_texture_type_2_10_10_10_REV GL_OES_fbo_render_mipmap GL_OES_element_index_uint GL_EXT_shadow_samplers GL_KHR_texture_compression_astc_ldr GL_KHR_debug GL_EXT_occlusion_query_boolean GL_EXT_blend_minmax GL_EXT_discard_framebuffer GL_OES_get_program_binary GL_OES_texture_3D GL_EXT_texture_storage GL_EXT_multisampled_render_to_texture GL_OES_surfaceless_context GL_ARM_mali_program_binary 

I/SurfaceFlinger( 1723): GL_MAX_TEXTURE_SIZE = 8192

I/SurfaceFlinger( 1723): GL_MAX_VIEWPORT_DIMS = 8192

D/mali_winsys( 1723): new_window_surface returns 0x3000

D/SurfaceFlinger( 1723): Screen acquired, type=0 flinger=0x412d94a0

I/hwcomposer( 1723): unblank ioctl failed (display already unblanked)

D/libEGL  ( 1917): loaded /vendor/lib/egl/libGLES_mali.so

I/        ( 1917): PLATFORM VERSION : JB-MR-2

D/mali_winsys( 1917): new_window_surface returns 0x3000

D/AndroidRuntime( 1724): 

D/AndroidRuntime( 1724): >>>>>> AndroidRuntime START com.android.internal.os.ZygoteInit <<<<<<

D/AndroidRuntime( 1724): CheckJNI is OFF

D/dalvikvm( 1724): Trying to load lib libjavacore.so 0x0

D/dalvikvm( 1724): Added shared lib libjavacore.so 0x0

D/dalvikvm( 1724): Trying to load lib libnativehelper.so 0x0

D/dalvikvm( 1724): Added shared lib libnativehelper.so 0x0

D/dalvikvm( 1724): No JNI_OnLoad found in libnativehelper.so 0x0, skipping init

D/dalvikvm( 1724): Note: class Landroid/app/ActivityManagerNative; has 179 unimplemented (abstract) methods

E/memtrack( 1724): Couldn't load memtrack module (No such file or directory)

E/android.os.Debug( 1724): failed to load memtrack module: -2

I/SamplingProfilerIntegration( 1724): Profiling disabled.

I/Zygote  ( 1724): Preloading classes...

D/dalvikvm( 1724): GC_EXPLICIT freed 39K, 8% free 516K/560K, paused 0ms+0ms, total 2ms

D/dalvikvm( 1724): GC_EXPLICIT freed 3K, 4% free 592K/612K, paused 1ms+1ms, total 3ms

D/dalvikvm( 1724): GC_EXPLICIT freed 16K, 3% free 636K/656K, paused 0ms+0ms, total 2ms

D/dalvikvm( 1724): GC_EXPLICIT freed 20K, 4% free 669K/692K, paused 0ms+0ms, total 2ms

D/dalvikvm( 1724): GC_EXPLICIT freed 10K, 2% free 714K/728K, paused 1ms+1ms, total 3ms

D/dalvikvm( 1724): GC_EXPLICIT freed 27K, 4% free 742K/772K, paused 1ms+1ms, total 3ms

D/dalvikvm( 1724): GC_EXPLICIT freed 29K, 5% free 767K/800K, paused 1ms+0ms, total 3ms

D/dalvikvm( 1724): GC_EXPLICIT freed 8K, 2% free 819K/832K, paused 1ms+0ms, total 3ms

D/dalvikvm( 1724): GC_EXPLICIT freed 29K, 4% free 844K/876K, paused 0ms+0ms, total 4ms

D/TextLayoutCache( 1724): Using debug level = 0 - Debug Enabled = 0

D/dalvikvm( 1724): GC_EXPLICIT freed 15K, 3% free 884K/904K, paused 0ms+0ms, total 4ms

I/dalvikvm( 1724): threadid=1: recursive native library load attempt (/system/lib/libmedia_jni.so)

D/MtpDeviceJNI( 1724): register_android_mtp_MtpDevice

I/dalvikvm( 1724): threadid=1: recursive native library load attempt (/system/lib/libmedia_jni.so)

I/dalvikvm( 1724): threadid=1: recursive native library load attempt (/system/lib/libmedia_jni.so)

I/dalvikvm( 1724): threadid=1: recursive native library load attempt (/system/lib/libmedia_jni.so)

D/dalvikvm( 1724): GC_EXPLICIT freed 19K, 3% free 919K/940K, paused 1ms+0ms, total 5ms

D/dalvikvm( 1724): GC_EXPLICIT freed 21K, 3% free 955K/980K, paused 1ms+0ms, total 4ms

D/dalvikvm( 1724): GC_EXPLICIT freed 14K, 2% free 994K/1012K, paused 1ms+0ms, total 4ms

D/dalvikvm( 1724): GC_EXPLICIT freed 28K, 3% free 1020K/1052K, paused 1ms+0ms, total 5ms

D/dalvikvm( 1724): GC_EXPLICIT freed 15K, 2% free 1074K/1092K, paused 0ms+1ms, total 5ms

E/EmojiFactory_jni( 1724): Failed to load libemoji.so: dlopen failed: library "libemoji.so" not found

D/dalvikvm( 1724): GC_EXPLICIT freed 30K, 3% free 1390K/1424K, paused 1ms+0ms, total 8ms

D/dalvikvm( 1724): GC_EXPLICIT freed 35K, 3% free 1414K/1452K, paused 0ms+0ms, total 7ms

V/NatController( 1721): runCmd(/system/bin/iptables -F natctrl_FORWARD) res=0

V/NatController( 1721): runCmd(/system/bin/iptables -A natctrl_FORWARD -j DROP) res=0

V/NatController( 1721): runCmd(/system/bin/iptables -t nat -F natctrl_nat_POSTROUTING) res=0

D/dalvikvm( 1724): GC_EXPLICIT freed 30K, 3% free 1439K/1472K, paused 1ms+3ms, total 13ms

V/NatController( 1721): runCmd(/system/bin/ip rule flush) res=0

V/NatController( 1721): runCmd(/system/bin/ip -6 rule flush) res=0

V/NatController( 1721): runCmd(/system/bin/ip rule add from all lookup default prio 32767) res=0

V/NatController( 1721): runCmd(/system/bin/ip rule add from all lookup main prio 32766) res=0

V/NatController( 1721): runCmd(/system/bin/ip -6 rule add from all lookup default prio 32767) res=0

D/dalvikvm( 1724): GC_EXPLICIT freed 37K, 3% free 1455K/1496K, paused 1ms+1ms, total 9ms

V/NatController( 1721): runCmd(/system/bin/ip -6 rule add from all lookup main prio 32766) res=0

V/NatController( 1721): runCmd(/system/bin/ip route flush cache) res=0

I/LibraryLoader( 1724): loading: webviewchromium

V/NatController( 1721): runCmd(/system/bin/iptables -F natctrl_tether_counters) res=1

V/NatController( 1721): runCmd(/system/bin/iptables -X natctrl_tether_counters) res=1

V/NatController( 1721): runCmd(/system/bin/iptables -N natctrl_tether_counters) res=0

I/LibraryLoader( 1724): loaded: webviewchromium

D/dalvikvm( 1724): GC_EXPLICIT freed 15K, 2% free 1498K/1516K, paused 1ms+1ms, total 8ms

D/dalvikvm( 1724): GC_EXPLICIT freed 24K, 2% free 1527K/1556K, paused 1ms+1ms, total 8ms

D/dalvikvm( 1724): GC_EXPLICIT freed 81K, 6% free 1573K/1656K, paused 6ms+1ms, total 13ms

D/dalvikvm( 1724): GC_EXPLICIT freed 36K, 4% free 1591K/1656K, paused 1ms+1ms, total 9ms

D/dalvikvm( 1724): GC_EXPLICIT freed 31K, 3% free 1617K/1656K, paused 2ms+1ms, total 10ms

D/dalvikvm( 1724): GC_EXPLICIT freed 19K, 2% free 1679K/1700K, paused 1ms+0ms, total 10ms

D/dalvikvm( 1724): GC_EXPLICIT freed 23K, 2% free 1710K/1740K, paused 1ms+1ms, total 19ms

D/dalvikvm( 1724): GC_EXPLICIT freed 29K, 2% free 1736K/1768K, paused 1ms+1ms, total 14ms

D/dalvikvm( 1724): GC_FOR_ALLOC freed 252K, 12% free 1998K/2252K, paused 12ms, total 12ms

D/dalvikvm( 1724): GC_EXPLICIT freed 207K, 10% free 2117K/2332K, paused 1ms+1ms, total 13ms

D/dalvikvm( 1724): GC_EXPLICIT freed 35K, 9% free 2136K/2332K, paused 1ms+0ms, total 14ms

D/dalvikvm( 1724): GC_EXPLICIT freed 25K, 8% free 2169K/2340K, paused 2ms+1ms, total 14ms

W/Zygote  ( 1724): Class not found for preloading: java.lang.UnsafeByteSequence

D/dalvikvm( 1724): GC_EXPLICIT freed 36K, 7% free 2190K/2340K, paused 1ms+2ms, total 22ms

D/dalvikvm( 1724): GC_EXPLICIT freed 41K, 6% free 2206K/2340K, paused 1ms+1ms, total 24ms

D/dalvikvm( 1724): GC_EXPLICIT freed 42K, 6% free 2219K/2340K, paused 1ms+1ms, total 24ms

D/MDnsDS  ( 1721): MDnsSdListener::Hander starting up

D/MDnsDS  ( 1721): MDnsSdListener starting to monitor

D/MDnsDS  ( 1721): Going to poll with pollCount 1

I/System  ( 1724): Loaded time zone names for "" in 139ms (130ms in ICU)

I/System  ( 1724): Loaded time zone names for "en_US" in 79ms (69ms in ICU)

D/dalvikvm( 1724): GC_EXPLICIT freed 203K, 9% free 2387K/2608K, paused 1ms+1ms, total 12ms

D/dalvikvm( 1724): GC_EXPLICIT freed 14K, 7% free 2450K/2608K, paused 1ms+1ms, total 11ms

D/dalvikvm( 1724): GC_EXPLICIT freed 30K, 6% free 2476K/2608K, paused 1ms+1ms, total 16ms

D/dalvikvm( 1724): GC_EXPLICIT freed 34K, 5% free 2496K/2608K, paused 2ms+1ms, total 16ms

D/dalvikvm( 1724): GC_EXPLICIT freed 32K, 4% free 2518K/2608K, paused 1ms+1ms, total 16ms

D/dalvikvm( 1724): GC_EXPLICIT freed 29K, 3% free 2543K/2608K, paused 1ms+2ms, total 16ms

I/Zygote  ( 1724): ...preloaded 2777 classes in 3063ms.

D/dalvikvm( 1724): GC_EXPLICIT freed 17K, 3% free 2546K/2608K, paused 1ms+1ms, total 16ms

I/Zygote  ( 1724): Preloading resources...

W/Resources( 1724): Preloaded drawable resource #0x1080096 (android:drawable/toast_frame) that varies with configuration!!

W/Resources( 1724): Preloaded drawable resource #0x1080105 (android:drawable/btn_check_on_pressed_holo_light) that varies with configuration!!

D/dalvikvm( 1724): GC_EXPLICIT freed 19K, 3% free 2591K/2664K, paused 1ms+1ms, total 16ms

W/Resources( 1724): Preloaded drawable resource #0x1080104 (android:drawable/btn_check_on_pressed_holo_dark) that varies with configuration!!

W/Resources( 1724): Preloaded drawable resource #0x1080102 (android:drawable/btn_check_on_holo_light) that varies with configuration!!

W/Resources( 1724): Preloaded drawable resource #0x1080101 (android:drawable/btn_check_on_holo_dark) that varies with configuration!!

D/dalvikvm( 1724): GC_EXPLICIT freed 88K, 6% free 2556K/2704K, paused 1ms+2ms, total 16ms

W/Resources( 1724): Preloaded drawable resource #0x10800ff (android:drawable/btn_check_on_focused_holo_light) that varies with configuration!!

W/Resources( 1724): Preloaded drawable resource #0x10800fe (android:drawable/btn_check_on_focused_holo_dark) that varies with configuration!!

W/Resources( 1724): Preloaded drawable resource #0x10800fd (android:drawable/btn_check_on_disabled_holo_light) that varies with configuration!!

D/dalvikvm( 1724): GC_EXPLICIT freed 53K, 6% free 2556K/2704K, paused 1ms+1ms, total 16ms

W/Resources( 1724): Preloaded drawable resource #0x10800fc (android:drawable/btn_check_on_disabled_holo_dark) that varies with configuration!!

W/Resources( 1724): Preloaded drawable resource #0x10800fb (android:drawable/btn_check_on_disabled_focused_holo_light) that varies with configuration!!

W/Resources( 1724): Preloaded drawable resource #0x10800fa (android:drawable/btn_check_on_disabled_focused_holo_dark) that varies with configuration!!

D/dalvikvm( 1724): GC_EXPLICIT freed 53K, 6% free 2557K/2704K, paused 2ms+1ms, total 16ms

W/Resources( 1724): Preloaded drawable resource #0x10800f2 (android:drawable/btn_check_off_pressed_holo_light) that varies with configuration!!

W/Resources( 1724): Preloaded drawable resource #0x10800f1 (android:drawable/btn_check_off_pressed_holo_dark) that varies with configuration!!

W/Resources( 1724): Preloaded drawable resource #0x10800ed (android:drawable/btn_check_off_holo_light) that varies with configuration!!

D/dalvikvm( 1724): GC_EXPLICIT freed 53K, 6% free 2557K/2704K, paused 2ms+1ms, total 16ms

W/Resources( 1724): Preloaded drawable resource #0x10800ec (android:drawable/btn_check_off_holo_dark) that varies with configuration!!

W/Resources( 1724): Preloaded drawable resource #0x10800ea (android:drawable/btn_check_off_focused_holo_light) that varies with configuration!!

W/Resources( 1724): Preloaded drawable resource #0x10800e9 (android:drawable/btn_check_off_focused_holo_dark) that varies with configuration!!

D/dalvikvm( 1724): GC_EXPLICIT freed 53K, 6% free 2558K/2704K, paused 2ms+1ms, total 16ms

W/Resources( 1724): Preloaded drawable resource #0x10800e8 (android:drawable/btn_check_off_disabled_holo_light) that varies with configuration!!

W/Resources( 1724): Preloaded drawable resource #0x10800e7 (android:drawable/btn_check_off_disabled_holo_dark) that varies with configuration!!

W/Resources( 1724): Preloaded drawable resource #0x10800e6 (android:drawable/btn_check_off_disabled_focused_holo_light) that varies with configuration!!

D/dalvikvm( 1724): GC_EXPLICIT freed 53K, 6% free 2558K/2704K, paused 1ms+1ms, total 16ms

W/Resources( 1724): Preloaded drawable resource #0x10800e5 (android:drawable/btn_check_off_disabled_focused_holo_dark) that varies with configuration!!

W/Resources( 1724): Preloaded drawable resource #0x1080102 (android:drawable/btn_check_on_holo_light) that varies with configuration!!

W/Resources( 1724): Preloaded drawable resource #0x10800ed (android:drawable/btn_check_off_holo_light) that varies with configuration!!

W/Resources( 1724): Preloaded drawable resource #0x1080105 (android:drawable/btn_check_on_pressed_holo_light) that varies with configuration!!

W/Resources( 1724): Preloaded drawable resource #0x10800f2 (android:drawable/btn_check_off_pressed_holo_light) that varies with configuration!!

W/Resources( 1724): Preloaded drawable resource #0x10800ff (android:drawable/btn_check_on_focused_holo_light) that varies with configuration!!

W/Resources( 1724): Preloaded drawable resource #0x10800ea (android:drawable/btn_check_off_focused_holo_light) that varies with configuration!!

W/Resources( 1724): Preloaded drawable resource #0x10800ed (android:drawable/btn_check_off_holo_light) that varies with configuration!!

W/Resources( 1724): Preloaded drawable resource #0x1080102 (android:drawable/btn_check_on_holo_light) that varies with configuration!!

W/Resources( 1724): Preloaded drawable resource #0x10800fd (android:drawable/btn_check_on_disabled_holo_light) that varies with configuration!!

W/Resources( 1724): Preloaded drawable resource #0x10800e8 (android:drawable/btn_check_off_disabled_holo_light) that varies with configuration!!

W/Resources( 1724): Preloaded drawable resource #0x10800fb (android:drawable/btn_check_on_disabled_focused_holo_light) that varies with configuration!!

W/Resources( 1724): Preloaded drawable resource #0x10800e6 (android:drawable/btn_check_off_disabled_focused_holo_light) that varies with configuration!!

W/Resources( 1724): Preloaded drawable resource #0x10800e8 (android:drawable/btn_check_off_disabled_holo_light) that varies with configuration!!

W/Resources( 1724): Preloaded drawable resource #0x10800fd (android:drawable/btn_check_on_disabled_holo_light) that varies with configuration!!

W/Resources( 1724): Preloaded drawable resource #0x10800dc (android:drawable/btn_check_holo_light) that varies with configuration!!

D/dalvikvm( 1724): GC_EXPLICIT freed 265K, 11% free 2563K/2864K, paused 1ms+2ms, total 16ms

W/Resources( 1724): Preloaded drawable resource #0x1080101 (android:drawable/btn_check_on_holo_dark) that varies with configuration!!

W/Resources( 1724): Preloaded drawable resource #0x10800ec (android:drawable/btn_check_off_holo_dark) that varies with configuration!!

W/Resources( 1724): Preloaded drawable resource #0x1080104 (android:drawable/btn_check_on_pressed_holo_dark) that varies with configuration!!

W/Resources( 1724): Preloaded drawable resource #0x10800f1 (android:drawable/btn_check_off_pressed_holo_dark) that varies with configuration!!

W/Resources( 1724): Preloaded drawable resource #0x10800fe (android:drawable/btn_check_on_focused_holo_dark) that varies with configuration!!

W/Resources( 1724): Preloaded drawable resource #0x10800e9 (android:drawable/btn_check_off_focused_holo_dark) that varies with configuration!!

W/Resources( 1724): Preloaded drawable resource #0x10800ec (android:drawable/btn_check_off_holo_dark) that varies with configuration!!

W/Resources( 1724): Preloaded drawable resource #0x1080101 (android:drawable/btn_check_on_holo_dark) that varies with configuration!!

W/Resources( 1724): Preloaded drawable resource #0x10800fc (android:drawable/btn_check_on_disabled_holo_dark) that varies with configuration!!

W/Resources( 1724): Preloaded drawable resource #0x10800e7 (android:drawable/btn_check_off_disabled_holo_dark) that varies with configuration!!

W/Resources( 1724): Preloaded drawable resource #0x10800fa (android:drawable/btn_check_on_disabled_focused_holo_dark) that varies with configuration!!

W/Resources( 1724): Preloaded drawable resource #0x10800e5 (android:drawable/btn_check_off_disabled_focused_holo_dark) that varies with configuration!!

W/Resources( 1724): Preloaded drawable resource #0x10800e7 (android:drawable/btn_check_off_disabled_holo_dark) that varies with configuration!!

W/Resources( 1724): Preloaded drawable resource #0x10800fc (android:drawable/btn_check_on_disabled_holo_dark) that varies with configuration!!

W/Resources( 1724): Preloaded drawable resource #0x10800db (android:drawable/btn_check_holo_dark) that varies with configuration!!

D/dalvikvm( 1724): GC_EXPLICIT freed 250K, 11% free 2563K/2864K, paused 1ms+1ms, total 16ms

W/Resources( 1724): Preloaded drawable resource #0x1080195 (android:drawable/btn_radio_on_pressed_holo_light) that varies with configuration!!

W/Resources( 1724): Preloaded drawable resource #0x1080194 (android:drawable/btn_radio_on_pressed_holo_dark) that varies with configuration!!

W/Resources( 1724): Preloaded drawable resource #0x1080192 (android:drawable/btn_radio_on_holo_light) that varies with configuration!!

D/dalvikvm( 1724): GC_EXPLICIT freed 56K, 11% free 2560K/2864K, paused 1ms+1ms, total 16ms

W/Resources( 1724): Preloaded drawable resource #0x1080191 (android:drawable/btn_radio_on_holo_dark) that varies with configuration!!

W/Resources( 1724): Preloaded drawable resource #0x108018f (android:drawable/btn_radio_on_focused_holo_light) that varies with configuration!!

W/Resources( 1724): Preloaded drawable resource #0x108018e (android:drawable/btn_radio_on_focused_holo_dark) that varies with configuration!!

D/dalvikvm( 1724): GC_EXPLICIT freed 53K, 11% free 2561K/2864K, paused 2ms+1ms, total 16ms

W/Resources( 1724): Preloaded drawable resource #0x108018d (android:drawable/btn_radio_on_disabled_holo_light) that varies with configuration!!

W/Resources( 1724): Preloaded drawable resource #0x108018c (android:drawable/btn_radio_on_disabled_holo_dark) that varies with configuration!!

W/Resources( 1724): Preloaded drawable resource #0x108018b (android:drawable/btn_radio_on_disabled_focused_holo_light) that varies with configuration!!

D/dalvikvm( 1724): GC_EXPLICIT freed 53K, 11% free 2562K/2864K, paused 1ms+2ms, total 16ms

W/Resources( 1724): Preloaded drawable resource #0x108018a (android:drawable/btn_radio_on_disabled_focused_holo_dark) that varies with configuration!!

W/Resources( 1724): Preloaded drawable resource #0x1080187 (android:drawable/btn_radio_off_pressed_holo_light) that varies with configuration!!

W/Resources( 1724): Preloaded drawable resource #0x1080186 (android:drawable/btn_radio_off_pressed_holo_dark) that varies with configuration!!

D/dalvikvm( 1724): GC_EXPLICIT freed 53K, 11% free 2562K/2864K, paused 2ms+1ms, total 16ms

W/Resources( 1724): Preloaded drawable resource #0x1080184 (android:drawable/btn_radio_off_holo_light) that varies with configuration!!

W/Resources( 1724): Preloaded drawable resource #0x1080183 (android:drawable/btn_radio_off_holo_dark) that varies with configuration!!

W/Resources( 1724): Preloaded drawable resource #0x1080181 (android:drawable/btn_radio_off_focused_holo_light) that varies with configuration!!

D/dalvikvm( 1724): GC_EXPLICIT freed 53K, 11% free 2563K/2864K, paused 2ms+1ms, total 16ms

W/Resources( 1724): Preloaded drawable resource #0x1080180 (android:drawable/btn_radio_off_focused_holo_dark) that varies with configuration!!

W/Resources( 1724): Preloaded drawable resource #0x108017f (android:drawable/btn_radio_off_disabled_holo_light) that varies with configuration!!

W/Resources( 1724): Preloaded drawable resource #0x108017e (android:drawable/btn_radio_off_disabled_holo_dark) that varies with configuration!!

D/dalvikvm( 1724): GC_EXPLICIT freed 53K, 11% free 2563K/2864K, paused 2ms+1ms, total 17ms

W/Resources( 1724): Preloaded drawable resource #0x108017d (android:drawable/btn_radio_off_disabled_focused_holo_light) that varies with configuration!!

W/Resources( 1724): Preloaded drawable resource #0x108017c (android:drawable/btn_radio_off_disabled_focused_holo_dark) that varies with configuration!!

W/Resources( 1724): Preloaded drawable resource #0x1080128 (android:drawable/btn_default_pressed_holo_light) that varies with configuration!!

D/dalvikvm( 1724): GC_EXPLICIT freed 37K, 11% free 2577K/2864K, paused 2ms+1ms, total 16ms

W/Resources( 1724): Preloaded drawable resource #0x1080127 (android:drawable/btn_default_pressed_holo_dark) that varies with configuration!!

W/Resources( 1724): Preloaded drawable resource #0x1080124 (android:drawable/btn_default_normal_holo_light) that varies with configuration!!

W/Resources( 1724): Preloaded drawable resource #0x1080123 (android:drawable/btn_default_normal_holo_dark) that varies with configuration!!

W/Resources( 1724): Preloaded drawable resource #0x108011c (android:drawable/btn_default_focused_holo_light) that varies with configuration!!

D/dalvikvm( 1724): GC_EXPLICIT freed 19K, 9% free 2617K/2864K, paused 1ms+1ms, total 16ms

W/Resources( 1724): Preloaded drawable resource #0x108011b (android:drawable/btn_default_focused_holo_dark) that varies with configuration!!

W/Resources( 1724): Preloaded drawable resource #0x1080119 (android:drawable/btn_default_disabled_holo_light) that varies with configuration!!

W/Resources( 1724): Preloaded drawable resource #0x1080118 (android:drawable/btn_default_disabled_holo_dark) that varies with configuration!!

W/Resources( 1724): Preloaded drawable resource #0x1080116 (android:drawable/btn_default_disabled_focused_holo_light) that varies with configuration!!

D/dalvikvm( 1724): GC_EXPLICIT freed 59K, 9% free 2618K/2864K, paused 2ms+1ms, total 17ms

W/Resources( 1724): Preloaded drawable resource #0x1080115 (android:drawable/btn_default_disabled_focused_holo_dark) that varies with configuration!!

W/Resources( 1724): Preloaded drawable resource #0x1080123 (android:drawable/btn_default_normal_holo_dark) that varies with configuration!!

W/Resources( 1724): Preloaded drawable resource #0x1080118 (android:drawable/btn_default_disabled_holo_dark) that varies with configuration!!

W/Resources( 1724): Preloaded drawable resource #0x1080127 (android:drawable/btn_default_pressed_holo_dark) that varies with configuration!!

W/Resources( 1724): Preloaded drawable resource #0x108011b (android:drawable/btn_default_focused_holo_dark) that varies with configuration!!

W/Resources( 1724): Preloaded drawable resource #0x1080123 (android:drawable/btn_default_normal_holo_dark) that varies with configuration!!

W/Resources( 1724): Preloaded drawable resource #0x1080115 (android:drawable/btn_default_disabled_focused_holo_dark) that varies with configuration!!

W/Resources( 1724): Preloaded drawable resource #0x1080118 (android:drawable/btn_default_disabled_holo_dark) that varies with configuration!!

W/Resources( 1724): Preloaded drawable resource #0x108011d (android:drawable/btn_default_holo_dark) that varies with configuration!!

D/dalvikvm( 1724): GC_EXPLICIT freed 66K, 7% free 2672K/2864K, paused 1ms+1ms, total 16ms

W/Resources( 1724): Preloaded drawable resource #0x1080124 (android:drawable/btn_default_normal_holo_light) that varies with configuration!!

W/Resources( 1724): Preloaded drawable resource #0x1080119 (android:drawable/btn_default_disabled_holo_light) that varies with configuration!!

W/Resources( 1724): Preloaded drawable resource #0x1080128 (android:drawable/btn_default_pressed_holo_light) that varies with configuration!!

W/Resources( 1724): Preloaded drawable resource #0x108011c (android:drawable/btn_default_focused_holo_light) that varies with configuration!!

W/Resources( 1724): Preloaded drawable resource #0x1080124 (android:drawable/btn_default_normal_holo_light) that varies with configuration!!

W/Resources( 1724): Preloaded drawable resource #0x1080116 (android:drawable/btn_default_disabled_focused_holo_light) that varies with configuration!!

W/Resources( 1724): Preloaded drawable resource #0x1080119 (android:drawable/btn_default_disabled_holo_light) that varies with configuration!!

W/Resources( 1724): Preloaded drawable resource #0x108011e (android:drawable/btn_default_holo_light) that varies with configuration!!

D/dalvikvm( 1724): GC_EXPLICIT freed 119K, 8% free 2659K/2864K, paused 1ms+1ms, total 16ms

W/Resources( 1724): Preloaded drawable resource #0x10801d1 (android:drawable/btn_star_off_normal_holo_light) that varies with configuration!!

W/Resources( 1724): Preloaded drawable resource #0x10801db (android:drawable/btn_star_on_normal_holo_light) that varies with configuration!!

W/Resources( 1724): Preloaded drawable resource #0x10801d7 (android:drawable/btn_star_on_disabled_holo_light) that varies with configuration!!

D/dalvikvm( 1724): GC_EXPLICIT freed 146K, 11% free 2567K/2864K, paused 2ms+1ms, total 16ms

W/Resources( 1724): Preloaded drawable resource #0x10801cd (android:drawable/btn_star_off_disabled_holo_light) that varies with configuration!!

W/Resources( 1724): Preloaded drawable resource #0x10801dd (android:drawable/btn_star_on_pressed_holo_light) that varies with configuration!!

W/Resources( 1724): Preloaded drawable resource #0x10801d3 (android:drawable/btn_star_off_pressed_holo_light) that varies with configuration!!

D/dalvikvm( 1724): GC_EXPLICIT freed 53K, 11% free 2567K/2864K, paused 2ms+1ms, total 17ms

W/Resources( 1724): Preloaded drawable resource #0x10801d9 (android:drawable/btn_star_on_focused_holo_light) that varies with configuration!!

W/Resources( 1724): Preloaded drawable resource #0x10801cf (android:drawable/btn_star_off_focused_holo_light) that varies with configuration!!

W/Resources( 1724): Preloaded drawable resource #0x10801d5 (android:drawable/btn_star_on_disabled_focused_holo_light) that varies with configuration!!

D/dalvikvm( 1724): GC_EXPLICIT freed 53K, 11% free 2568K/2864K, paused 1ms+1ms, total 16ms

W/Resources( 1724): Preloaded drawable resource #0x10801cb (android:drawable/btn_star_off_disabled_focused_holo_light) that varies with configuration!!

W/Resources( 1724): Preloaded drawable resource #0x10801d1 (android:drawable/btn_star_off_normal_holo_light) that varies with configuration!!

W/Resources( 1724): Preloaded drawable resource #0x10801db (android:drawable/btn_star_on_normal_holo_light) that varies with configuration!!

W/Resources( 1724): Preloaded drawable resource #0x10801d7 (android:drawable/btn_star_on_disabled_holo_light) that varies with configuration!!

W/Resources( 1724): Preloaded drawable resource #0x10801cd (android:drawable/btn_star_off_disabled_holo_light) that varies with configuration!!

W/Resources( 1724): Preloaded drawable resource #0x10801dd (android:drawable/btn_star_on_pressed_holo_light) that varies with configuration!!

W/Resources( 1724): Preloaded drawable resource #0x10801d3 (android:drawable/btn_star_off_pressed_holo_light) that varies with configuration!!

W/Resources( 1724): Preloaded drawable resource #0x10801d9 (android:drawable/btn_star_on_focused_holo_light) that varies with configuration!!

W/Resources( 1724): Preloaded drawable resource #0x10801cf (android:drawable/btn_star_off_focused_holo_light) that varies with configuration!!

W/Resources( 1724): Preloaded drawable resource #0x10801d5 (android:drawable/btn_star_on_disabled_focused_holo_light) that varies with configuration!!

W/Resources( 1724): Preloaded drawable resource #0x10801d7 (android:drawable/btn_star_on_disabled_holo_light) that varies with configuration!!

W/Resources( 1724): Preloaded drawable resource #0x10801cb (android:drawable/btn_star_off_disabled_focused_holo_light) that varies with configuration!!

W/Resources( 1724): Preloaded drawable resource #0x10801cd (android:drawable/btn_star_off_disabled_holo_light) that varies with configuration!!

W/Resources( 1724): Preloaded drawable resource #0x10801d1 (android:drawable/btn_star_off_normal_holo_light) that varies with configuration!!

W/Resources( 1724): Preloaded drawable resource #0x10801db (android:drawable/btn_star_on_normal_holo_light) that varies with configuration!!

W/Resources( 1724): Preloaded drawable resource #0x10801c8 (android:drawable/btn_star_holo_light) that varies with configuration!!

D/dalvikvm( 1724): GC_EXPLICIT freed 265K, 11% free 2572K/2864K, paused 1ms+1ms, total 16ms

W/Resources( 1724): Preloaded drawable resource #0x10801d0 (android:drawable/btn_star_off_normal_holo_dark) that varies with configuration!!

W/Resources( 1724): Preloaded drawable resource #0x10801da (android:drawable/btn_star_on_normal_holo_dark) that varies with configuration!!

W/Resources( 1724): Preloaded drawable resource #0x10801d6 (android:drawable/btn_star_on_disabled_holo_dark) that varies with configuration!!

D/dalvikvm( 1724): GC_EXPLICIT freed 56K, 11% free 2569K/2864K, paused 2ms+1ms, total 16ms

W/Resources( 1724): Preloaded drawable resource #0x10801cc (android:drawable/btn_star_off_disabled_holo_dark) that varies with configuration!!

W/Resources( 1724): Preloaded drawable resource #0x10801dc (android:drawable/btn_star_on_pressed_holo_dark) that varies with configuration!!

W/Resources( 1724): Preloaded drawable resource #0x10801d2 (android:drawable/btn_star_off_pressed_holo_dark) that varies with configuration!!

D/dalvikvm( 1724): GC_EXPLICIT freed 53K, 11% free 2569K/2864K, paused 1ms+1ms, total 12ms

W/Resources( 1724): Preloaded drawable resource #0x10801d8 (android:drawable/btn_star_on_focused_holo_dark) that varies with configuration!!

W/Resources( 1724): Preloaded drawable resource #0x10801ce (android:drawable/btn_star_off_focused_holo_dark) that varies with configuration!!

W/Resources( 1724): Preloaded drawable resource #0x10801d4 (android:drawable/btn_star_on_disabled_focused_holo_dark) that varies with configuration!!

D/dalvikvm( 1724): GC_EXPLICIT freed 53K, 11% free 2570K/2864K, paused 1ms+1ms, total 12ms

W/Resources( 1724): Preloaded drawable resource #0x10801ca (android:drawable/btn_star_off_disabled_focused_holo_dark) that varies with configuration!!

W/Resources( 1724): Preloaded drawable resource #0x10801d0 (android:drawable/btn_star_off_normal_holo_dark) that varies with configuration!!

W/Resources( 1724): Preloaded drawable resource #0x10801da (android:drawable/btn_star_on_normal_holo_dark) that varies with configuration!!

W/Resources( 1724): Preloaded drawable resource #0x10801d6 (android:drawable/btn_star_on_disabled_holo_dark) that varies with configuration!!

W/Resources( 1724): Preloaded drawable resource #0x10801cc (android:drawable/btn_star_off_disabled_holo_dark) that varies with configuration!!

W/Resources( 1724): Preloaded drawable resource #0x10801dc (android:drawable/btn_star_on_pressed_holo_dark) that varies with configuration!!

W/Resources( 1724): Preloaded drawable resource #0x10801d2 (android:drawable/btn_star_off_pressed_holo_dark) that varies with configuration!!

W/Resources( 1724): Preloaded drawable resource #0x10801d8 (android:drawable/btn_star_on_focused_holo_dark) that varies with configuration!!

W/Resources( 1724): Preloaded drawable resource #0x10801ce (android:drawable/btn_star_off_focused_holo_dark) that varies with configuration!!

W/Resources( 1724): Preloaded drawable resource #0x10801d4 (android:drawable/btn_star_on_disabled_focused_holo_dark) that varies with configuration!!

W/Resources( 1724): Preloaded drawable resource #0x10801d6 (android:drawable/btn_star_on_disabled_holo_dark) that varies with configuration!!

W/Resources( 1724): Preloaded drawable resource #0x10801ca (android:drawable/btn_star_off_disabled_focused_holo_dark) that varies with configuration!!

W/Resources( 1724): Preloaded drawable resource #0x10801cc (android:drawable/btn_star_off_disabled_holo_dark) that varies with configuration!!

W/Resources( 1724): Preloaded drawable resource #0x10801d0 (android:drawable/btn_star_off_normal_holo_dark) that varies with configuration!!

W/Resources( 1724): Preloaded drawable resource #0x10801da (android:drawable/btn_star_on_normal_holo_dark) that varies with configuration!!

W/Resources( 1724): Preloaded drawable resource #0x10801c7 (android:drawable/btn_star_holo_dark) that varies with configuration!!

D/dalvikvm( 1724): GC_EXPLICIT freed 264K, 11% free 2574K/2884K, paused 2ms+1ms, total 12ms

W/Resources( 1724): Preloaded drawable resource #0x10801f7 (android:drawable/btn_toggle_on_pressed_holo_light) that varies with configuration!!

W/Resources( 1724): Preloaded drawable resource #0x10801f6 (android:drawable/btn_toggle_on_pressed_holo_dark) that varies with configuration!!

W/Resources( 1724): Preloaded drawable resource #0x10801f5 (android:drawable/btn_toggle_on_normal_holo_light) that varies with configuration!!

W/Resources( 1724): Preloaded drawable resource #0x10801f4 (android:drawable/btn_toggle_on_normal_holo_dark) that varies with configuration!!

D/dalvikvm( 1724): GC_EXPLICIT freed 10K, 10% free 2624K/2884K, paused 2ms+1ms, total 12ms

W/Resources( 1724): Preloaded drawable resource #0x10801f3 (android:drawable/btn_toggle_on_focused_holo_light) that varies with configuration!!

W/Resources( 1724): Preloaded drawable resource #0x10801f2 (android:drawable/btn_toggle_on_focused_holo_dark) that varies with configuration!!

W/Resources( 1724): Preloaded drawable resource #0x10801f1 (android:drawable/btn_toggle_on_disabled_holo_light) that varies with configuration!!

W/Resources( 1724): Preloaded drawable resource #0x10801f0 (android:drawable/btn_toggle_on_disabled_holo_dark) that varies with configuration!!

D/dalvikvm( 1724): GC_EXPLICIT freed 59K, 9% free 2625K/2884K, paused 1ms+1ms, total 12ms

W/Resources( 1724): Preloaded drawable resource #0x10801ef (android:drawable/btn_toggle_on_disabled_focused_holo_light) that varies with configuration!!

W/Resources( 1724): Preloaded drawable resource #0x10801ee (android:drawable/btn_toggle_on_disabled_focused_holo_dark) that varies with configuration!!

W/Resources( 1724): Preloaded drawable resource #0x10801ec (android:drawable/btn_toggle_off_pressed_holo_light) that varies with configuration!!

W/Resources( 1724): Preloaded drawable resource #0x10801eb (android:drawable/btn_toggle_off_pressed_holo_dark) that varies with configuration!!

D/dalvikvm( 1724): GC_EXPLICIT freed 59K, 9% free 2625K/2884K, paused 2ms+1ms, total 16ms

W/Resources( 1724): Preloaded drawable resource #0x10801ea (android:drawable/btn_toggle_off_normal_holo_light) that varies with configuration!!

W/Resources( 1724): Preloaded drawable resource #0x10801e9 (android:drawable/btn_toggle_off_normal_holo_dark) that varies with configuration!!

W/Resources( 1724): Preloaded drawable resource #0x10801e8 (android:drawable/btn_toggle_off_focused_holo_light) that varies with configuration!!

W/Resources( 1724): Preloaded drawable resource #0x10801e7 (android:drawable/btn_toggle_off_focused_holo_dark) that varies with configuration!!

D/dalvikvm( 1724): GC_EXPLICIT freed 59K, 9% free 2626K/2884K, paused 1ms+1ms, total 16ms

W/Resources( 1724): Preloaded drawable resource #0x10801e6 (android:drawable/btn_toggle_off_disabled_holo_light) that varies with configuration!!

W/Resources( 1724): Preloaded drawable resource #0x10801e5 (android:drawable/btn_toggle_off_disabled_holo_dark) that varies with configuration!!

W/Resources( 1724): Preloaded drawable resource #0x10801e4 (android:drawable/btn_toggle_off_disabled_focused_holo_light) that varies with configuration!!

W/Resources( 1724): Preloaded drawable resource #0x10801e3 (android:drawable/btn_toggle_off_disabled_focused_holo_dark) that varies with configuration!!

D/dalvikvm( 1724): GC_EXPLICIT freed 59K, 9% free 2627K/2884K, paused 1ms+1ms, total 16ms

W/Resources( 1724): Preloaded drawable resource #0x10801f5 (android:drawable/btn_toggle_on_normal_holo_light) that varies with configuration!!

W/Resources( 1724): Preloaded drawable resource #0x10801f1 (android:drawable/btn_toggle_on_disabled_holo_light) that varies with configuration!!

W/Resources( 1724): Preloaded drawable resource #0x10801f7 (android:drawable/btn_toggle_on_pressed_holo_light) that varies with configuration!!

W/Resources( 1724): Preloaded drawable resource #0x10801f3 (android:drawable/btn_toggle_on_focused_holo_light) that varies with configuration!!

W/Resources( 1724): Preloaded drawable resource #0x10801f5 (android:drawable/btn_toggle_on_normal_holo_light) that varies with configuration!!

W/Resources( 1724): Preloaded drawable resource #0x10801ef (android:drawable/btn_toggle_on_disabled_focused_holo_light) that varies with configuration!!

W/Resources( 1724): Preloaded drawable resource #0x10801f1 (android:drawable/btn_toggle_on_disabled_holo_light) that varies with configuration!!

W/Resources( 1724): Preloaded drawable resource #0x10801ea (android:drawable/btn_toggle_off_normal_holo_light) that varies with configuration!!

W/Resources( 1724): Preloaded drawable resource #0x10801e6 (android:drawable/btn_toggle_off_disabled_holo_light) that varies with configuration!!

W/Resources( 1724): Preloaded drawable resource #0x10801ec (android:drawable/btn_toggle_off_pressed_holo_light) that varies with configuration!!

W/Resources( 1724): Preloaded drawable resource #0x10801e8 (android:drawable/btn_toggle_off_focused_holo_light) that varies with configuration!!

W/Resources( 1724): Preloaded drawable resource #0x10801ea (android:drawable/btn_toggle_off_normal_holo_light) that varies with configuration!!

W/Resources( 1724): Preloaded drawable resource #0x10801e4 (android:drawable/btn_toggle_off_disabled_focused_holo_light) that varies with configuration!!

W/Resources( 1724): Preloaded drawable resource #0x10801e6 (android:drawable/btn_toggle_off_disabled_holo_light) that varies with configuration!!

W/Resources( 1724): Preloaded drawable resource #0x10801e1 (android:drawable/btn_toggle_holo_light) that varies with configuration!!

D/dalvikvm( 1724): GC_EXPLICIT freed 76K, 5% free 2762K/2884K, paused 2ms+1ms, total 16ms

W/Resources( 1724): Preloaded drawable resource #0x10801f4 (android:drawable/btn_toggle_on_normal_holo_dark) that varies with configuration!!

W/Resources( 1724): Preloaded drawable resource #0x10801f0 (android:drawable/btn_toggle_on_disabled_holo_dark) that varies with configuration!!

W/Resources( 1724): Preloaded drawable resource #0x10801f6 (android:drawable/btn_toggle_on_pressed_holo_dark) that varies with configuration!!

W/Resources( 1724): Preloaded drawable resource #0x10801f2 (android:drawable/btn_toggle_on_focused_holo_dark) that varies with configuration!!

W/Resources( 1724): Preloaded drawable resource #0x10801f4 (android:drawable/btn_toggle_on_normal_holo_dark) that varies with configuration!!

W/Resources( 1724): Preloaded drawable resource #0x10801ee (android:drawable/btn_toggle_on_disabled_focused_holo_dark) that varies with configuration!!

W/Resources( 1724): Preloaded drawable resource #0x10801f0 (android:drawable/btn_toggle_on_disabled_holo_dark) that varies with configuration!!

W/Resources( 1724): Preloaded drawable resource #0x10801e9 (android:drawable/btn_toggle_off_normal_holo_dark) that varies with configuration!!

W/Resources( 1724): Preloaded drawable resource #0x10801e5 (android:drawable/btn_toggle_off_disabled_holo_dark) that varies with configuration!!

W/Resources( 1724): Preloaded drawable resource #0x10801eb (android:drawable/btn_toggle_off_pressed_holo_dark) that varies with configuration!!

W/Resources( 1724): Preloaded drawable resource #0x10801e7 (android:drawable/btn_toggle_off_focused_holo_dark) that varies with configuration!!

W/Resources( 1724): Preloaded drawable resource #0x10801e9 (android:drawable/btn_toggle_off_normal_holo_dark) that varies with configuration!!

W/Resources( 1724): Preloaded drawable resource #0x10801e3 (android:drawable/btn_toggle_off_disabled_focused_holo_dark) that varies with configuration!!

W/Resources( 1724): Preloaded drawable resource #0x10801e5 (android:drawable/btn_toggle_off_disabled_holo_dark) that varies with configuration!!

W/Resources( 1724): Preloaded drawable resource #0x10801e0 (android:drawable/btn_toggle_holo_dark) that varies with configuration!!

D/dalvikvm( 1724): GC_EXPLICIT freed 211K, 8% free 2762K/2996K, paused 1ms+1ms, total 16ms

W/Resources( 1724): Preloaded drawable resource #0x108064c (android:drawable/textfield_multiline_default_holo_light) that varies with configuration!!

W/Resources( 1724): Preloaded drawable resource #0x1080650 (android:drawable/textfield_multiline_disabled_holo_light) that varies with configuration!!

W/Resources( 1724): Preloaded drawable resource #0x108064a (android:drawable/textfield_multiline_activated_holo_light) that varies with configuration!!

W/Resources( 1724): Preloaded drawable resource #0x1080652 (android:drawable/textfield_multiline_focused_holo_light) that varies with configuration!!

W/Resources( 1724): Preloaded drawable resource #0x108064c (android:drawable/textfield_multiline_default_holo_light) that varies with configuration!!

W/Resources( 1724): Preloaded drawable resource #0x108064e (android:drawable/textfield_multiline_disabled_focused_holo_light) that varies with configuration!!

W/Resources( 1724): Preloaded drawable resource #0x1080650 (android:drawable/textfield_multiline_disabled_holo_light) that varies with configuration!!

W/Resources( 1724): Preloaded drawable resource #0x108063f (android:drawable/textfield_default_holo_light) that varies with configuration!!

W/Resources( 1724): Preloaded drawable resource #0x1080644 (android:drawable/textfield_disabled_holo_light) that varies with configuration!!

W/Resources( 1724): Preloaded drawable resource #0x1080637 (android:drawable/textfield_activated_holo_light) that varies with configuration!!

W/Resources( 1724): Preloaded drawable resource #0x1080647 (android:drawable/textfield_focused_holo_light) that varies with configuration!!

W/Resources( 1724): Preloaded drawable resource #0x108063f (android:drawable/textfield_default_holo_light) that varies with configuration!!

W/Resources( 1724): Preloaded drawable resource #0x1080642 (android:drawable/textfield_disabled_focused_holo_light) that varies with configuration!!

W/Resources( 1724): Preloaded drawable resource #0x1080644 (android:drawable/textfield_disabled_holo_light) that varies with configuration!!

W/Resources( 1724): Preloaded drawable resource #0x1080258 (android:drawable/edit_text_holo_light) that varies with configuration!!

D/dalvikvm( 1724): GC_EXPLICIT freed 211K, 8% free 2763K/2996K, paused 1ms+1ms, total 16ms

W/Resources( 1724): Preloaded drawable resource #0x108064b (android:drawable/textfield_multiline_default_holo_dark) that varies with configuration!!

W/Resources( 1724): Preloaded drawable resource #0x108064f (android:drawable/textfield_multiline_disabled_holo_dark) that varies with configuration!!

W/Resources( 1724): Preloaded drawable resource #0x1080649 (android:drawable/textfield_multiline_activated_holo_dark) that varies with configuration!!

W/Resources( 1724): Preloaded drawable resource #0x1080651 (android:drawable/textfield_multiline_focused_holo_dark) that varies with configuration!!

W/Resources( 1724): Preloaded drawable resource #0x108064b (android:drawable/textfield_multiline_default_holo_dark) that varies with configuration!!

W/Resources( 1724): Preloaded drawable resource #0x108064d (android:drawable/textfield_multiline_disabled_focused_holo_dark) that varies with configuration!!

W/Resources( 1724): Preloaded drawable resource #0x108064f (android:drawable/textfield_multiline_disabled_holo_dark) that varies with configuration!!

W/Resources( 1724): Preloaded drawable resource #0x108063e (android:drawable/textfield_default_holo_dark) that varies with configuration!!

W/Resources( 1724): Preloaded drawable resource #0x1080643 (android:drawable/textfield_disabled_holo_dark) that varies with configuration!!

W/Resources( 1724): Preloaded drawable resource #0x1080636 (android:drawable/textfield_activated_holo_dark) that varies with configuration!!

W/Resources( 1724): Preloaded drawable resource #0x1080646 (android:drawable/textfield_focused_holo_dark) that varies with configuration!!

W/Resources( 1724): Preloaded drawable resource #0x108063e (android:drawable/textfield_default_holo_dark) that varies with configuration!!

W/Resources( 1724): Preloaded drawable resource #0x1080641 (android:drawable/textfield_disabled_focused_holo_dark) that varies with configuration!!

W/Resources( 1724): Preloaded drawable resource #0x1080643 (android:drawable/textfield_disabled_holo_dark) that varies with configuration!!

W/Resources( 1724): Preloaded drawable resource #0x1080257 (android:drawable/edit_text_holo_dark) that varies with configuration!!

D/dalvikvm( 1724): GC_EXPLICIT freed 210K, 8% free 2765K/2996K, paused 1ms+1ms, total 16ms

W/Resources( 1724): Preloaded drawable resource #0x1080633 (android:drawable/text_select_handle_left) that varies with configuration!!

W/Resources( 1724): Preloaded drawable resource #0x1080635 (android:drawable/text_select_handle_right) that varies with configuration!!

D/dalvikvm( 1724): GC_EXPLICIT freed 277K, 14% free 2579K/2996K, paused 1ms+1ms, total 16ms

W/Resources( 1724): Preloaded drawable resource #0x1080630 (android:drawable/text_edit_paste_window) that varies with configuration!!

W/Resources( 1724): Preloaded drawable resource #0x108026d (android:drawable/expander_close_holo_dark) that varies with configuration!!

W/Resources( 1724): Preloaded drawable resource #0x108026e (android:drawable/expander_close_holo_light) that varies with configuration!!

D/dalvikvm( 1724): GC_EXPLICIT freed 5K, 13% free 2626K/2996K, paused 2ms+1ms, total 17ms

W/Resources( 1724): Preloaded drawable resource #0x108026d (android:drawable/expander_close_holo_dark) that varies with configuration!!

W/Resources( 1724): Preloaded drawable resource #0x1080274 (android:drawable/expander_open_holo_dark) that varies with configuration!!

