W/PackageManager( 2162): Unknown permission com.google.android.voicesearch.ACCESS_SETTINGS in package com.google.android.googlequicksearchbox

W/PackageManager( 2162): Unknown permission com.google.googlenav.friend.permission.OPT_IN in package com.google.android.googlequicksearchbox

W/PackageManager( 2162): Unknown permission com.google.android.apps.maps.permission.PREFETCH in package com.google.android.googlequicksearchbox

W/PackageManager( 2162): Unknown permission com.google.android.apps.googlevoice.permission.AUTO_SEND in package com.google.android.googlequicksearchbox

W/PackageManager( 2162): Unknown permission com.android.chrome.PRERENDER_URL in package com.google.android.googlequicksearchbox

W/PackageManager( 2162): Not granting permission android.permission.SEND_DOWNLOAD_COMPLETED_INTENTS to package com.android.vending (protectionLevel=2 flags=0x400abe45)

W/PackageManager( 2162): Unknown permission android.permission.SEND_SMS_NO_CONFIRMATION in package com.android.vending

W/PackageManager( 2162): Not granting permission android.permission.DELETE_PACKAGES to package com.svox.pico (protectionLevel=18 flags=0x8be45)

W/PackageManager( 2162): Not granting permission android.permission.WRITE_MEDIA_STORAGE to package com.estrongs.android.pop (protectionLevel=18 flags=0x48be45)

W/PackageManager( 2162): Unknown permission android.permission.ACCESS_SUPERUSER in package com.estrongs.android.pop

W/PackageManager( 2162): Unknown permission .PERMISSION in package com.estrongs.android.pop

W/PackageManager( 2162): Not granting permission android.permission.DEVICE_POWER to package com.android.deskclock (protectionLevel=2 flags=0x48be45)

W/PackageManager( 2162): Not granting permission android.permission.READ_DREAM_STATE to package com.google.android.gsf (protectionLevel=2 flags=0x40083e45)

I/SystemServer( 2162): NetworkPolicy Service

I/SystemServer( 2162): Wi-Fi P2pService

D/dalvikvm( 2162): GC_CONCURRENT freed 350K, 8% free 5434K/5856K, paused 3ms+12ms, total 45ms

I/InputReader( 2162): Device added: id=-1, name='Virtual', sources=0x00000301

I/InputReader( 2162):   Touch device 'ft5x06_ts' could not query the properties of its associated display.  The device will be inoperable until the display size becomes available.

I/InputReader( 2162): Device added: id=5, name='ft5x06_ts', sources=0x00001103

I/InputReader( 2162): Device added: id=3, name='earphon_key', sources=0x00000101

I/InputReader( 2162): Device added: id=2, name='Logitech USB Optical Mouse', sources=0x00002002

I/InputReader( 2162): Device added: id=1, name='gpio-keys', sources=0x00000101

I/InputReader( 2162): Reconfiguring input devices.  changes=0x00000004

I/InputReader( 2162): Device reconfigured: id=5, name='ft5x06_ts', size 800x1280, orientation 0, mode 1, display id 0

I/ActivityManager( 2162): Config changes=8 {1.0 ?mcc?mnc en_US ldltr sw400dp w400dp h567dp 320dpi nrml port ?uimode ?night finger -keyb/v/h -nav/h s.4}

I/SystemServer( 2162): Wi-Fi Service

I/SystemServer( 2162): Connectivity Service

D/ConnectivityService( 2162): ConnectivityService starting up

D/ConnectivityService( 2162): wifiOnly=false

E/ConnectivityService( 2162): Ignoring protectedNetwork 10

E/ConnectivityService( 2162): Ignoring protectedNetwork 11

E/ConnectivityService( 2162): Ignoring protectedNetwork 12

E/ConnectivityService( 2162): Ignoring protectedNetwork 14

D/BluetoothTethering( 2162): startMonitoring: target: Handler (com.android.server.ConnectivityService$NetworkStateTrackerHandler) {41ade368}

D/BluetoothTethering( 2162): startMonitoring: mCsHandler: Handler (com.android.server.ConnectivityService$NetworkStateTrackerHandler) {41ade368}

D/BluetoothManagerService( 2162): Message: 30

W/ContextImpl( 2162): Calling a method in the system process without a qualified user: android.app.ContextImpl.bindService:1543 android.bluetooth.BluetoothPan.doBind:149 android.bluetooth.BluetoothPan.<init>:141 android.bluetooth.BluetoothAdapter.getProfileProxy:1252 android.bluetooth.BluetoothTetheringDataTracker.startMonitoring:116 

E/MobileDataStateTracker( 2162): default: Ignoring feature request because could not acquire PhoneService

E/MobileDataStateTracker( 2162): default: Could not enable APN type "default"

D/WifiController( 2162): WifiController msg { when=0 what=155656 target=com.android.internal.util.StateMachine$SmHandler } deferred for 460ms

I/WifiService( 2162): WifiService starting up with Wi-Fi enabled

D/WifiService( 2162): setWifiEnabled: true pid=2162, uid=1000

I/SystemServer( 2162): Network Service Discovery Service

D/NsdService( 2162): Network service discovery enabled true

I/SystemServer( 2162): UpdateLock Service

D/dalvikvm( 2162): GC_CONCURRENT freed 455K, 9% free 5557K/6084K, paused 2ms+2ms, total 27ms

I/SystemServer( 2162): Notification Manager

I/SystemServer( 2162): Device Storage Monitor

I/SystemServer( 2162): Location Manager

I/SystemServer( 2162): Country Detector

I/SystemServer( 2162): Search Service

I/SystemServer( 2162): DropBox Service

I/SystemServer( 2162): Wallpaper Service

I/SystemServer( 2162): Audio Service

I/ServiceManager( 2162): Waiting for service media.audio_policy...

D/WifiController( 2162): DEFERRED_TOGGLE handled

D/SoftapController( 1721): Softap fwReload - Ok

D/CommandListener( 1721): Setting iface cfg

D/CommandListener( 1721): Trying to bring down wlan0

I/wpa_supplicant( 2210): Successfully initialized wpa_supplicant

I/wpa_supplicant( 2210): rfkill: Cannot open RFKILL control device

D/WifiMonitor( 2162): startMonitoring(wlan0) with mConnected = false

I/ServiceManager( 2162): Waiting for service media.audio_policy...

D/Tethering( 2162): sendTetherStateChangedBroadcast 1, 0, 0

I/wpa_supplicant( 2210): rfkill: Cannot open RFKILL control device

D/WifiConfigStore( 2162): Loading config and enabling all networks

E/WifiConfigStore( 2162): Error parsing configurationjava.io.FileNotFoundException: /data/misc/wifi/ipconfig.txt: open failed: ENOENT (No such file or directory)

D/CommandListener( 1721): Setting iface cfg

D/CommandListener( 1721): Trying to bring up p2p0

D/WifiMonitor( 2162): startMonitoring(p2p0) with mConnected = true

I/ServiceManager( 2162): Waiting for service media.audio_policy...

I/ServiceManager( 2162): Waiting for service media.audio_policy...

I/ServiceManager( 2162): Waiting for service media.audio_policy...

W/AudioSystem( 2162): AudioPolicyService not published, waiting...

D/dalvikvm( 2162): GC_CONCURRENT freed 288K, 6% free 5805K/6168K, paused 2ms+2ms, total 26ms

I/ServiceManager( 2162): Waiting for service media.audio_policy...

I/ServiceManager( 2162): Waiting for service media.audio_policy...

I/ServiceManager( 2162): Waiting for service media.audio_policy...

I/ServiceManager( 2162): Waiting for service media.audio_policy...

I/ServiceManager( 2162): Waiting for service media.audio_policy...

W/AudioSystem( 2162): AudioPolicyService not published, waiting...

I/ServiceManager( 2162): Waiting for service media.audio_policy...

I/ServiceManager( 2162): Waiting for service media.audio_policy...

I/ServiceManager( 2162): Waiting for service media.audio_policy...

I/ServiceManager( 2162): Waiting for service media.audio_policy...

I/ServiceManager( 2162): Waiting for service media.audio_policy...

W/AudioSystem( 2162): AudioPolicyService not published, waiting...

I/ServiceManager( 2162): Waiting for service media.audio_policy...

I/ServiceManager( 2162): Waiting for service media.audio_policy...

I/ServiceManager( 2162): Waiting for service media.audio_policy...

I/ServiceManager( 2162): Waiting for service media.audio_policy...

I/ServiceManager( 2162): Waiting for service media.audio_policy...

W/AudioSystem( 2162): AudioPolicyService not published, waiting...

I/ServiceManager( 2162): Waiting for service media.audio_policy...

I/ServiceManager( 2162): Waiting for service media.audio_policy...

I/ServiceManager( 2162): Waiting for service media.audio_policy...

I/AudioFlinger( 1726): loadHwModule() Loaded primary audio interface from Mocha audio HW HAL (audio) handle 1

I/AudioFlinger( 1726): HAL output buffer size 1024 frames, normal mix buffer size 1024 frames

I/AudioMixer( 1726): found effect "Multichannel Downmix To Stereo" from The Android Open Source Project

I/AudioFlinger( 1726): Using module 1 has the primary audio interface

I/AudioFlinger( 1726): AudioFlinger's thread 0x41061008 ready to run

I/AudioFlinger( 1726): HAL output buffer size 8192 frames, normal mix buffer size 8192 frames

I/AudioMixer( 1726): found effect "Multichannel Downmix To Stereo" from The Android Open Source Project

I/AudioFlinger( 1726): AudioFlinger's thread 0x411cc008 ready to run

I/audio_a2dp_hw( 1726): adev_open:  adev_open in A2dp_hw module

I/AudioFlinger( 1726): loadHwModule() Loaded a2dp audio interface from A2DP Audio HW HAL (audio) handle 4

I/AudioFlinger( 1726): loadHwModule() Loaded usb audio interface from USB audio HW HAL (audio) handle 5

I/r_submix( 1726): adev_open(name=audio_hw_if)

I/r_submix( 1726): adev_init_check()

I/AudioFlinger( 1726): loadHwModule() Loaded r_submix audio interface from Wifi Display audio HAL (audio) handle 6

I/AudioPolicyService( 1726): Loaded audio policy from LEGACY Audio Policy HAL (audio_policy)

D/BootAnimation( 1917): filename:SYSTEM_BOOT_MUSIC

I/EXYNOS_COMP_REGS( 1726): Loading the library: libOMX.Exynos.AVC.Decoder.so

I/EXYNOS_COMP_REGS( 1726): Loading the library: libOMX.Exynos.AVC.Encoder.so

I/EXYNOS_COMP_REGS( 1726): Loading the library: libOMX.Exynos.MPEG2.Decoder.so

I/EXYNOS_COMP_REGS( 1726): Loading the library: libOMX.Exynos.MPEG4.Decoder.so

I/EXYNOS_COMP_REGS( 1726): Loading the library: libOMX.Exynos.MPEG4.Encoder.so

I/EXYNOS_COMP_REGS( 1726): Loading the library: libOMX.Exynos.VP8.Decoder.so

I/EXYNOS_COMP_REGS( 1726): Loading the library: libOMX.Exynos.VP8.Encoder.so

I/EXYNOS_COMP_REGS( 1726): Loading the library: libOMX.Exynos.WMV.Decoder.so

E/OMXMaster( 1726): A component of name '' already exists, ignoring this one.

E/OMXMaster( 1726): A component of name '' already exists, ignoring this one.

E/OMXMaster( 1726): A component of name '' already exists, ignoring this one.

E/OMXMaster( 1726): A component of name '' already exists, ignoring this one.

E/OMXMaster( 1726): A component of name '' already exists, ignoring this one.

E/OMXMaster( 1726): A component of name '' already exists, ignoring this one.

I/AwesomePlayer( 1726): setDataSource_l(URL suppressed)

I/pxtr_util( 1726): =============PRESTOMEDIA MODULE VERSION=============

I/pxtr_util( 1726):              MAJOR_VERSION #: 4

I/pxtr_util( 1726):              MINOR_VERSION #: 4

I/pxtr_util( 1726):              BUILD_NUMBER  #: 8983

I/pxtr_util( 1726):            BUILD_TIME    #: 01/2014/09 11:09:10

I/OMXCodec( 1726): Attempting to allocate OMX node 'OMX.google.mp3.decoder' mime='audio/mpeg'

E/audio_hw_primary( 1726): Device:2, period_size:1024

I/MediaFocusControl( 2162):   Remote Control   registerMediaButtonIntent() for PendingIntent{41b00c48: PendingIntentRecord{41ac1360 android broadcastIntent}}

V/audio_hw_primary( 1726): start_output_stream adev->out_device:2

D/audio_hw_primary( 1726): get_input_source_id();  src=0

E/audio_hw_primary( 1726): select_devices() devices 0x2 input src 0 output route media-speaker input route none

E/ActivityManager( 2162): Attempt to launch receivers of broadcast intent Intent { act=android.net.ConnectivityService.action.PKT_CNT_SAMPLE_INTERVAL_ELAPSED flg=0x4 (has extras) } before boot completion

W/ActivityManager( 2162): Unable to send startActivity intent

W/ActivityManager( 2162): java.lang.IllegalStateException: Cannot broadcast before boot completed

W/ActivityManager( 2162): 	at com.android.server.am.ActivityManagerService.verifyBroadcastLocked(ActivityManagerService.java:13675)

W/ActivityManager( 2162): 	at com.android.server.am.ActivityManagerService.broadcastIntentInPackage(ActivityManagerService.java:13714)

W/ActivityManager( 2162): 	at com.android.server.am.PendingIntentRecord.sendInner(PendingIntentRecord.java:269)

W/ActivityManager( 2162): 	at com.android.server.am.PendingIntentRecord.send(PendingIntentRecord.java:192)

W/ActivityManager( 2162): 	at android.app.PendingIntent.send(PendingIntent.java:705)

W/ActivityManager( 2162): 	at android.app.PendingIntent.send(PendingIntent.java:659)

W/ActivityManager( 2162): 	at com.android.server.AlarmManagerService$AlarmThread.run(AlarmManagerService.java:1209)

D/dalvikvm( 2162): GC_CONCURRENT freed 531K, 10% free 5873K/6480K, paused 3ms+2ms, total 30ms

W/AudioFlinger( 1726): write blocked for 84111 msecs, 1 delayed writes, thread 0x41061008

D/AudioResampler( 1726): forcing AudioResampler quality to 4

I/SystemServer( 2162): Dock Observer

W/DockObserver( 2162): This kernel does not have dock station support

I/SystemServer( 2162): Wired Accessory Manager

W/WiredAccessoryManager( 2162): This kernel does not have usb audio support

I/SystemServer( 2162): USB Service

I/SystemServer( 2162): Serial Service

I/SystemServer( 2162): Twilight Service

I/SystemServer( 2162): UI Mode Manager Service

I/SystemServer( 2162): Backup Service

V/BackupManagerService( 2162): Initializing package tracking

V/BackupManagerService( 2162): No ancestral data

V/BackupManagerService( 2162): addPackageParticipantsLocked: all

I/BackupManagerService( 2162): Scheduling backup for new app com.android.calendar

D/BackupManagerService( 2162): Now staging backup of com.android.calendar

I/BackupManagerService( 2162): Scheduling backup for new app com.android.browser

D/BackupManagerService( 2162): Now staging backup of com.android.browser

I/BackupManagerService( 2162): Scheduling backup for new app com.google.android.talk

D/BackupManagerService( 2162): Now staging backup of com.google.android.talk

I/BackupManagerService( 2162): Scheduling backup for new app com.android.providers.userdictionary

D/BackupManagerService( 2162): Now staging backup of com.android.providers.userdictionary

I/BackupManagerService( 2162): Scheduling backup for new app com.android.sharedstoragebackup

D/BackupManagerService( 2162): Now staging backup of com.android.sharedstoragebackup

I/BackupManagerService( 2162): Scheduling backup for new app com.google.android.marvin.talkback

D/BackupManagerService( 2162): Now staging backup of com.google.android.marvin.talkback

I/BackupManagerService( 2162): Scheduling backup for new app android

D/BackupManagerService( 2162): Now staging backup of android

I/BackupManagerService( 2162): Scheduling backup for new app com.google.android.googlequicksearchbox

D/BackupManagerService( 2162): Now staging backup of com.google.android.googlequicksearchbox

I/BackupManagerService( 2162): Scheduling backup for new app com.android.vending

D/BackupManagerService( 2162): Now staging backup of com.android.vending

I/BackupManagerService( 2162): Scheduling backup for new app com.google.android.gm

D/BackupManagerService( 2162): Now staging backup of com.google.android.gm

I/BackupManagerService( 2162): Scheduling backup for new app com.android.dialer

D/BackupManagerService( 2162): Now staging backup of com.android.dialer

I/BackupManagerService( 2162): Scheduling backup for new app com.android.providers.settings

D/BackupManagerService( 2162): Now staging backup of com.android.providers.settings

V/BackupManagerService( 2162): Starting with transport android/com.android.internal.backup.LocalTransport

V/BackupManagerService( 2162): Found transports: 2

I/BackupManagerService( 2162): Binding to transport host ComponentInfo{android/com.android.internal.backup.LocalTransportService}

I/BackupManagerService( 2162): Binding to transport host ComponentInfo{com.google.android.backuptransport/com.google.android.backup.BackupTransportService}

I/BackupManagerService( 2162): Found stale backup journal, scheduling

I/BackupManagerService( 2162):   com.android.calendar

I/BackupManagerService( 2162):   com.android.browser

I/BackupManagerService( 2162):   com.google.android.talk

I/BackupManagerService( 2162):   com.android.providers.userdictionary

I/BackupManagerService( 2162):   com.android.sharedstoragebackup

I/BackupManagerService( 2162):   com.google.android.marvin.talkback

I/BackupManagerService( 2162):   android

I/BackupManagerService( 2162):   com.google.android.googlequicksearchbox

I/BackupManagerService( 2162):   com.android.vending

I/BackupManagerService( 2162):   com.google.android.gm

I/BackupManagerService( 2162):   com.android.dialer

I/BackupManagerService( 2162):   com.android.providers.settings

I/BackupManagerService( 2162): Backup enabled => false

I/BackupManagerService( 2162): Opting out of backup

I/SystemServer( 2162): AppWidget Service

I/SystemServer( 2162): Recognition Service

I/SystemServer( 2162): DiskStats Service

I/SystemServer( 2162): SamplingProfiler Service

I/SystemServer( 2162): NetworkTimeUpdateService

I/SystemServer( 2162): CommonTimeManagementService

I/SystemServer( 2162): CertBlacklister

I/SystemServer( 2162): Dreams Service

I/SystemServer( 2162): Assets Atlas Service

I/SystemServer( 2162): IdleMaintenanceService

I/SystemServer( 2162): Print Service

I/WindowManager( 2162): SAFE MODE not enabled

I/SystemServer( 2162): Media Router Service

D/Atlas   ( 2162): Loaded configuration: SliceMinArea (768x768) flags=0x2 count=34

D/dalvikvm( 2162): JIT started for system_server

I/        ( 2162): PLATFORM VERSION : JB-MR-2

D/Atlas   ( 2162): Rendered atlas in 131.81ms (21.10+110.71ms)

I/Zygote  ( 2162): Process: zygote socket opened

D/dalvikvm( 2162): GC_CONCURRENT freed 507K, 9% free 5996K/6580K, paused 3ms+4ms, total 46ms

V/KeyguardServiceDelegate( 2162): *** Keyguard started

V/KeyguardServiceDelegate( 2162): onSystemReady() called before keyguard service was ready

I/ActivityManager( 2162): Start proc com.android.systemui for service com.android.keyguard/.KeyguardService: pid=2382 uid=10012 gids={50012, 1028, 1015, 1023, 1035, 3002, 3001}

I/ActivityManager( 2162): System now ready

I/SystemServer( 2162): Making services ready

D/NetworkManagementService( 2162): enabling bandwidth control

W/MountService( 2162): Duplicate state transition (mounted -> mounted) for /storage/emulated/0

V/KeyguardService( 2382): onCreate()

I/OMXCodec( 1726): Attempting to allocate OMX node 'OMX.google.vorbis.decoder' mime='audio/vorbis'

D/SystemUIService( 2382): loading: class com.android.systemui.recent.Recents

D/SystemUIService( 2382): running: com.android.systemui.recent.Recents@4184a050

D/SystemUIService( 2382): loading: class com.android.systemui.statusbar.SystemBars

D/SystemUIService( 2382): running: com.android.systemui.statusbar.SystemBars@4184a638

D/SystemUIService( 2382): loading: class com.android.systemui.usb.StorageNotification

D/SystemUIService( 2382): running: com.android.systemui.usb.StorageNotification@4184c3f8

D/SystemUIService( 2382): loading: class com.android.systemui.power.PowerUI

D/SystemUIService( 2382): running: com.android.systemui.power.PowerUI@4184da58

D/SystemUIService( 2382): loading: class com.android.systemui.media.RingtonePlayer

D/SystemUIService( 2382): running: com.android.systemui.media.RingtonePlayer@4184e858

D/SystemUIService( 2382): loading: class com.android.systemui.settings.SettingsUI

D/SystemUIService( 2382): running: com.android.systemui.settings.SettingsUI@4184fb50

I/OMXCodec( 1726): Attempting to allocate OMX node 'OMX.google.vorbis.decoder' mime='audio/vorbis'

D/PhoneStatusBar( 2382): mSettingsPanelGravity = 55

I/StatusBarManagerService( 2162): registerStatusBar bar=com.android.internal.statusbar.IStatusBar$Stub$Proxy@41a978a8

D/dalvikvm( 2382): GC_CONCURRENT freed 132K, 6% free 3319K/3512K, paused 3ms+6ms, total 43ms

W/BroadcastQueue( 2162): Permission Denial: broadcasting Intent { act=android.net.conn.TETHER_STATE_CHANGED flg=0x64000010 (has extras) } from null (pid=-1, uid=-1) requires android.permission.CONNECTIVITY_INTERNAL due to registered receiver BroadcastFilter{41b4d4e8 u0 ReceiverList{41b4d4a8 2162 system/1000/u0 local:41b25f50}}

D/dalvikvm( 2382): GC_FOR_ALLOC freed 12K, 6% free 3481K/3672K, paused 15ms, total 15ms

I/dalvikvm-heap( 2382): Grow heap (frag case) to 4.531MB for 1127536-byte allocation

D/dalvikvm( 2382): GC_CONCURRENT freed 2K, 5% free 4579K/4776K, paused 6ms+1ms, total 23ms

D/dalvikvm( 2382): GC_FOR_ALLOC freed 19K, 4% free 4928K/5096K, paused 15ms, total 15ms

D/dalvikvm( 2382): GC_CONCURRENT freed 6K, 2% free 5501K/5600K, paused 2ms+2ms, total 19ms

V/PhoneStatusBar/NavigationBarView( 2382): touchEnabled:false

I/ActivityManager( 2162): Config changes=200 {1.0 ?mcc?mnc en_US ldltr sw400dp w400dp h567dp 320dpi nrml port finger -keyb/v/h -nav/h s.5}

W/BroadcastQueue( 2162): Hung broadcast [foreground] discarded after timeout failure: now=151097 dispatchTime=94692 startTime=94692 intent=Intent { act=android.intent.action.TIME_TICK flg=0x50000014 (has extras) } numReceivers=1 nextReceiver=1 state=3

W/BroadcastQueue( 2162): Timeout of broadcast BroadcastRecord{41b50050 u-1 android.intent.action.TIME_TICK} - receiver=android.app.LoadedApk$ReceiverDispatcher$InnerReceiver@41a23dc0, started 56405ms ago

W/BroadcastQueue( 2162): Receiver during timeout: BroadcastFilter{419ffbd8 u0 ReceiverList{41a0a7e8 2162 system/1000/u0 local:41a23dc0}}

I/ActivityManager( 2162): Start proc android.process.media for broadcast com.android.providers.media/.MtpReceiver: pid=2458 uid=10006 gids={50006, 1028, 1015, 1023, 1024, 2001, 3003, 3007}

D/BluetoothAdapter( 2382): 1101680576: getState() :  mService = null. Returning STATE_OFF

D/BluetoothAdapter( 2382): 1101680576: getState() :  mService = null. Returning STATE_OFF

W/InputMethodManagerService( 2162): Ignoring setImeWindowStatus of uid 1000 token: null

I/ActivityManager( 2162): Start proc com.android.inputmethod.latin for service com.android.inputmethod.latin/.LatinIME: pid=2472 uid=10048 gids={50048, 1028, 1015, 1023}

V/InputMethodManagerService( 2162): Adding window token: android.os.Binder@41b1bf50

W/GpsLocationProvider( 2162): Could not open GPS configuration file /etc/gps.conf

W/LocationProviderProxy-network( 2162): com.google.android.gms resolves service com.android.location.service.v3.NetworkLocationProvider, but has wrong signature, ignoring

W/LocationProviderProxy-fused( 2162): com.google.android.gms resolves service com.android.location.service.FusedLocationProvider, but has wrong signature, ignoring

W/LocationManagerService( 2162): no network location provider found

W/GeocoderProxy( 2162): com.google.android.gms resolves service com.android.location.service.GeocodeProvider, but has wrong signature, ignoring

E/FlpHardwareProvider( 2162): Error hw_get_module 'flp': -2

E/LocationManagerService( 2162): no geocoder provider found

E/LocationManagerService( 2162): No FusedProvider found.

E/FlpHardwareProvider( 2162): Error hw_get_module 'flp': -2

W/GeofenceProxy( 2162): com.google.android.gms resolves service com.android.location.service.GeofenceProvider, but has wrong signature, ignoring

E/LocationManagerService( 2162): no geofence provider found

I/CommonTimeManagementService( 2162): No common time service detected on this platform.  Common time services will be unavailable.

I/InputReader( 2162): Reconfiguring input devices.  changes=0x00000020

I/ActivityManager( 2162): Start proc com.android.phone for added application com.android.phone: pid=2481 uid=1001 gids={41001, 3002, 3001, 3003, 1028, 1015, 1023}

I/ActivityManager( 2162): START u0 {act=android.intent.action.MAIN cat=[android.intent.category.HOME] flg=0x10000000 cmp=com.android.launcher/com.android.launcher2.Launcher} from pid 0

I/InputReader( 2162): Reconfiguring input devices.  changes=0x00000010

I/ActivityManager( 2162): Start proc com.android.launcher for activity com.android.launcher/com.android.launcher2.Launcher: pid=2502 uid=10013 gids={50013}

D/dalvikvm( 2162): GC_CONCURRENT freed 445K, 8% free 6274K/6784K, paused 7ms+3ms, total 73ms

I/ActivityManager( 2162): Start proc com.android.printspooler for service com.android.printspooler/.PrintSpoolerService: pid=2518 uid=10062 gids={50062}

I/Choreographer( 2162): Skipped 81 frames!  The application may be doing too much work on its main thread.

V/KeyguardServiceDelegate( 2162): *** Keyguard connected (yay!)

W/InputMethodManagerService( 2162): Focus gain on non-focused client android.view.inputmethod.InputMethodManager$1@41b86150 (uid=1000 pid=2162)

I/LatinIME( 2472): Hardware accelerated drawing: true

I/PrintSpoolerService( 2518): No existing print spooler state.

D/BluetoothAdapter( 2382): 1101680576: getState() :  mService = null. Returning STATE_OFF

I/ActivityManager( 2162): Start proc android.process.acore for content provider com.android.providers.contacts/.ContactsProvider2: pid=2541 uid=10003 gids={50003, 3003, 1028, 1015, 1023}

D/dalvikvm( 2382): GC_CONCURRENT freed 158K, 4% free 6074K/6292K, paused 2ms+3ms, total 17ms

D/BluetoothManagerService( 2162): Message: 300

D/BluetoothManagerService( 2162): MESSAGE_USER_SWITCHED

I/MediaFocusControl( 2162):   Remote Control   registerMediaButtonIntent() for PendingIntent{41b4b298: PendingIntentRecord{41ac1360 android broadcastIntent}}

I/ActivityManager( 2162): Start proc com.google.android.gms for broadcast com.google.android.gms/com.google.android.location.internal.NlpNetworkProviderSettingsUpdateReceiver: pid=2560 uid=10008 gids={50008, 3003, 1007, 1028, 1015, 1023, 3007, 2001, 3006}

D/PhoneStatusBar( 2382): disable: < expand icons alerts ticker system_info back home recent clock search >

D/MtpService( 2458): updating state; isCurrentUser=true, mMtpLocked=false

D/dalvikvm( 2541): GC_CONCURRENT freed 213K, 8% free 3280K/3556K, paused 1ms+1ms, total 52ms

D/MtpService( 2458): addStorageLocked 65537 /storage/emulated/0

D/dalvikvm( 2502): GC_CONCURRENT freed 182K, 7% free 3260K/3504K, paused 2ms+1ms, total 17ms

D/MtpService( 2458): updating state; isCurrentUser=true, mMtpLocked=false

W/InputAttributes( 2472): No editor info for this field. Bug?

I/ActivityManager( 2162): Start proc com.android.smspush for service com.android.smspush/.WapPushManager: pid=2579 uid=10069 gids={50069}

D/dalvikvm( 1724): GC_EXPLICIT freed 39K, 4% free 3052K/3152K, paused 2ms+1ms, total 20ms

I/ResourceUtils( 2472): Found default value: resource=keypress_vibration_durations build=[HARDWARE=mocha-t5260 MODEL=Mocha T5260 BRAND=SAMSUNG MANUFACTURER=Samsung S.LSI] default=-1

I/ResourceUtils( 2472): Found default value: resource=keypress_volumes build=[HARDWARE=mocha-t5260 MODEL=Mocha T5260 BRAND=SAMSUNG MANUFACTURER=Samsung S.LSI] default=-1.0f

D/dalvikvm( 1724): GC_EXPLICIT freed <1K, 4% free 3052K/3152K, paused 2ms+2ms, total 17ms

D/dalvikvm( 2472): GC_CONCURRENT freed 227K, 8% free 3260K/3544K, paused 3ms+1ms, total 88ms

D/dalvikvm( 2502): GC_CONCURRENT freed 54K, 4% free 3602K/3724K, paused 1ms+1ms, total 26ms

D/dalvikvm( 1724): GC_EXPLICIT freed <1K, 4% free 3052K/3152K, paused 1ms+2ms, total 15ms

D/BluetoothAdapter( 2382): 1101680576: getState() :  mService = null. Returning STATE_OFF

D/BluetoothAdapter( 2382): 1101680576: getState() :  mService = null. Returning STATE_OFF

D/PhoneStatusBar( 2382): heads up is disabled

V/KeyguardTouchDelegate( 2382): Connected to keyguard

D/PhoneStatusBar( 2382): mSettingsPanelGravity = 55

I/Choreographer( 2382): Skipped 94 frames!  The application may be doing too much work on its main thread.

D/MtpService( 2458): starting MTP server in MTP mode

D/MtpService( 2458): addStorageLocked 65537 /storage/emulated/0

I/LatinIME:LogUtils( 2472): Dictionary info: dictionary = userunigram.en_US.dict ; version = ? ; date = ?

I/PackageManager( 2162):   Action: "android.intent.action.SENDTO"

I/PackageManager( 2162):   Category: "android.intent.category.DEFAULT"

I/PackageManager( 2162):   Scheme: "sms"

I/PackageManager( 2162): Adding preferred activity ComponentInfo{com.android.mms/com.android.mms.ui.ComposeMessageActivity} for user 0 :

I/LatinIME:LogUtils( 2472): Dictionary info: dictionary = UserHistoryDictionary.en_US.dic ; version = ? ; date = 1356998541

I/        ( 2382): PLATFORM VERSION : JB-MR-2

I/PackageManager( 2162):   Action: "android.intent.action.SENDTO"

I/PackageManager( 2162):   Category: "android.intent.category.DEFAULT"

I/PackageManager( 2162):   Scheme: "smsto"

I/PackageManager( 2162): Adding preferred activity ComponentInfo{com.android.mms/com.android.mms.ui.ComposeMessageActivity} for user 0 :

I/LatinIME:LogUtils( 2472): Dictionary info: dictionary = personalization.en_US.dict ; version = ? ; date = 1356998541

D/mali_winsys( 2382): new_window_surface returns 0x3000

I/LatinIME:LogUtils( 2472): Dictionary info: dictionary = PersonalizationPredictionDictio ; version = ? ; date = 1356998541

I/PackageManager( 2162):   Action: "android.intent.action.SENDTO"

I/PackageManager( 2162):   Category: "android.intent.category.DEFAULT"

I/PackageManager( 2162):   Scheme: "mms"

I/PackageManager( 2162): Adding preferred activity ComponentInfo{com.android.mms/com.android.mms.ui.ComposeMessageActivity} for user 0 :

D/OpenGLRenderer( 2382): Enabling debug mode 0

I/PackageManager( 2162):   Action: "android.intent.action.SENDTO"

I/PackageManager( 2162):   Category: "android.intent.category.DEFAULT"

I/PackageManager( 2162):   Scheme: "mmsto"

I/PackageManager( 2162): Adding preferred activity ComponentInfo{com.android.mms/com.android.mms.ui.ComposeMessageActivity} for user 0 :

D/dalvikvm( 2162): GC_CONCURRENT freed 613K, 10% free 6415K/7100K, paused 4ms+4ms, total 56ms

I/LatinIME:LogUtils( 2472): Dictionary info: dictionary = main:en ; version = 42 ; date = 1381226429

D/dalvikvm( 2481): GC_CONCURRENT freed 179K, 7% free 3273K/3512K, paused 2ms+1ms, total 48ms

D/dalvikvm( 2502): GC_FOR_ALLOC freed 27K, 3% free 3669K/3756K, paused 11ms, total 11ms

I/dalvikvm-heap( 2502): Grow heap (frag case) to 6.081MB for 2560016-byte allocation

D/dalvikvm( 2502): GC_CONCURRENT freed 6K, 2% free 6162K/6260K, paused 1ms+1ms, total 14ms

D/mali_winsys( 2382): new_window_surface returns 0x3000

D/BluetoothManagerService( 2162): Message: 30

D/dalvikvm( 2382): GC_CONCURRENT freed 222K, 4% free 6827K/7112K, paused 1ms+2ms, total 23ms

D/dalvikvm( 2382): WAIT_FOR_CONCURRENT_GC blocked 20ms

D/dalvikvm( 2382): GC_FOR_ALLOC freed 8K, 4% free 7732K/8024K, paused 17ms, total 17ms

D/PhoneStatusBar( 2382): disable: < expand icons alerts ticker system_info back home RECENT* clock search >

D/Launcher.Model( 2502): getPackInfo failed for package com.google.android.dialer

V/KeyguardHostView( 2382): Initial transport state: 1, pbstate=0

I/ActivityManager( 2162): Start proc com.google.process.location for broadcast com.google.android.gms/com.google.android.location.network.LocationProviderChangeReceiver: pid=2627 uid=10008 gids={50008, 3003, 1007, 1028, 1015, 1023, 3007, 2001, 3006}

D/dalvikvm( 2502): GC_CONCURRENT freed 367K, 6% free 6739K/7168K, paused 1ms+5ms, total 13ms

I/ContactLocale( 2541): AddressBook Labels [en_US]: [, A, B, C, D, E, F, G, H, I, J, K, L, M, N, O, P, Q, R, S, T, U, V, W, X, Y, Z, Α, Β, Γ, Δ, Ε, Ζ, Η, Θ, Ι, Κ, Λ, Μ, Ν, Ξ, Ο, Π, Ρ, Σ, Τ, Υ, Φ, Χ, Ψ, Ω, , А, Б, В, Г, Д, Е, Є, Ж, З, И, І, Ї, Й, К, Л, М, Н, О, П, Р, С, Т, У, Ф, Х, Ц, Ч, Ш, Щ, Ю, Я, , א, ב, ג, ד, ה, ו, ז, ח, ט, י, כ, ל, מ, נ, ס, ע, פ, צ, ק, ר, ש, ת, , ا, ب, ت, ث, ج, ح, خ, د, ذ, ر, ز, س, ش, ص, ض, ط, ظ, ع, غ, ف, ق, ك, ل, م, ن, ه, و, ي, , ก, ข, ฃ, ค, ฅ, ฆ, ง, จ, ฉ, ช, ซ, ฌ, ญ, ฎ, ฏ, ฐ, ฑ, ฒ, ณ, ด, ต, ถ, ท, ธ, น, บ, ป, ผ, ฝ, พ, ฟ, ภ, ม, ย, ร, ฤ, ล, ฦ, ว, ศ, ษ, ส, ห, ฬ, อ, ฮ, , ㄱ, ㄴ, ㄷ, ㄹ, ㅁ, ㅂ, ㅅ, ㅇ, ㅈ, ㅊ, ㅋ, ㅌ, ㅍ, ㅎ, , あ, か, さ, た, な, は, ま, や, ら, わ, #, ]

I/        ( 2502): PLATFORM VERSION : JB-MR-2

I/Choreographer( 2382): Skipped 66 frames!  The application may be doing too much work on its main thread.

D/mali_winsys( 2502): new_window_surface returns 0x3000

V/ProvidersChangedReceiver( 2627): calling applySettings

D/OpenGLRenderer( 2502): Enabling debug mode 0

I/ActivityManager( 2162): Start proc com.google.process.gapps for content provider com.google.android.gsf/.settings.GoogleSettingsProvider: pid=2657 uid=10008 gids={50008, 3003, 1007, 1028, 1015, 1023, 3007, 2001, 3006}

D/dalvikvm( 2502): GC_FOR_ALLOC freed 55K, 6% free 6871K/7256K, paused 19ms, total 19ms

V/KeyguardHostView( 2382): music state changed: 0

I/dalvikvm-heap( 2502): Grow heap (frag case) to 10.226MB for 3628816-byte allocation

D/dalvikvm( 2502): GC_CONCURRENT freed 4K, 4% free 10409K/10800K, paused 2ms+1ms, total 18ms

D/dalvikvm( 2502): WAIT_FOR_CONCURRENT_GC blocked 16ms

D/mali_winsys( 2382): new_window_surface returns 0x3000

V/KeyguardServiceDelegate( 2162): **** SHOWN CALLED ****

V/RenderScript( 2502): Application requested CPU execution

V/RenderScript( 2502): 0x762dabb8 Launching thread(s), CPUs 6

D/PhoneStatusBar( 2382): disable: < expand icons alerts ticker system_info BACK* HOME* RECENT clock search >

I/GservicesProvider( 2657): Gservices pushing to system: true; secure/global: true

I/ActivityManager( 2162): Displayed com.android.launcher/com.android.launcher2.Launcher: +2s587ms

D/dalvikvm( 2502): GC_FOR_ALLOC freed 12K, 4% free 10626K/10968K, paused 16ms, total 16ms

D/CallNotifier( 2481): CallNotifier: mSignalInfoToneGenerator created when toneplay

D/BluetoothManagerService( 2162): Message: 30

I/dalvikvm-heap( 2502): Grow heap (frag case) to 13.894MB for 3628816-byte allocation

V/BackupManagerService( 2162): Connected to transport ComponentInfo{android/com.android.internal.backup.LocalTransportService}

V/BackupManagerService( 2162): Registering transport android/com.android.internal.backup.LocalTransportService::android/com.android.internal.backup.LocalTransport = com.android.internal.backup.LocalTransport@41a1e738

V/BackupManagerService( 2162): Connected to transport ComponentInfo{com.google.android.backuptransport/com.google.android.backup.BackupTransportService}

V/BackupManagerService( 2162): Registering transport com.google.android.backuptransport/com.google.android.backup.BackupTransportService::com.google.android.backup/.BackupTransportService = com.android.internal.backup.IBackupTransport$Stub$Proxy@41ad85d0

D/dalvikvm( 2502): GC_CONCURRENT freed 1K, 3% free 14168K/14512K, paused 2ms+2ms, total 21ms

D/dalvikvm( 2382): GC_CONCURRENT freed 176K, 3% free 8995K/9232K, paused 7ms+2ms, total 27ms

D/dalvikvm( 2502): WAIT_FOR_CONCURRENT_GC blocked 25ms

D/dalvikvm( 2657): GC_CONCURRENT freed 188K, 8% free 3250K/3504K, paused 3ms+1ms, total 29ms

I/ActivityManager( 2162): Start proc com.android.settings for broadcast com.android.settings/.widget.SettingsAppWidgetProvider: pid=2685 uid=1000 gids={41000, 3003, 1028, 1015, 1023, 3002, 3001}

D/MobileDataStateTracker( 2162): dun: Broadcast received: android.intent.action.ANY_DATA_STATE apnType=dun

D/MobileDataStateTracker( 2162): dun: Received state=DISCONNECTED, old=DISCONNECTED, reason=radioTurnedOff

I/FusedLocation( 2162): engine stopped (com.android.location.fused)

I/FusedLocation( 2162): engine started (com.android.location.fused)

D/MobileDataStateTracker( 2162): supl: Broadcast received: android.intent.action.ANY_DATA_STATE apnType=supl

D/MobileDataStateTracker( 2162): supl: Received state=DISCONNECTED, old=DISCONNECTED, reason=radioTurnedOff

D/MobileDataStateTracker( 2162): hipri: Broadcast received: android.intent.action.ANY_DATA_STATE apnType=hipri

D/MobileDataStateTracker( 2162): hipri: Received state=DISCONNECTED, old=DISCONNECTED, reason=radioTurnedOff

D/MobileDataStateTracker( 2162): default: Broadcast received: android.intent.action.ANY_DATA_STATE apnType=default

D/MobileDataStateTracker( 2162): default: Received state=DISCONNECTED, old=DISCONNECTED, reason=radioTurnedOff

D/MobileDataStateTracker( 2162): mms: Broadcast received: android.intent.action.ANY_DATA_STATE apnType=mms

D/MobileDataStateTracker( 2162): mms: Received state=DISCONNECTED, old=DISCONNECTED, reason=radioTurnedOff

D/MobileDataStateTracker( 2162): dun: Broadcast received: android.intent.action.ANY_DATA_STATE apnType=dun

D/MobileDataStateTracker( 2162): dun: Received state=DISCONNECTED, old=DISCONNECTED, reason=radioTurnedOff

D/MobileDataStateTracker( 2162): supl: Broadcast received: android.intent.action.ANY_DATA_STATE apnType=supl

D/MobileDataStateTracker( 2162): supl: Received state=DISCONNECTED, old=DISCONNECTED, reason=radioTurnedOff

D/MobileDataStateTracker( 2162): hipri: Broadcast received: android.intent.action.ANY_DATA_STATE apnType=hipri

D/MobileDataStateTracker( 2162): hipri: Received state=DISCONNECTED, old=DISCONNECTED, reason=radioTurnedOff

D/MobileDataStateTracker( 2162): default: Broadcast received: android.intent.action.ANY_DATA_STATE apnType=default

D/MobileDataStateTracker( 2162): default: Received state=DISCONNECTED, old=DISCONNECTED, reason=radioTurnedOff

D/MobileDataStateTracker( 2162): mms: Broadcast received: android.intent.action.ANY_DATA_STATE apnType=mms

D/TelephonyDebugService( 2481): TelephonyDebugService()

D/dalvikvm( 2627): GC_CONCURRENT freed 378K, 13% free 3165K/3608K, paused 3ms+2ms, total 48ms

D/BluetoothManagerService( 2162): Message: 30

D/MobileDataStateTracker( 2162): mms: Received state=DISCONNECTED, old=DISCONNECTED, reason=radioTurnedOff

D/MobileDataStateTracker( 2162): dun: Broadcast received: android.intent.action.ANY_DATA_STATE apnType=dun

D/MobileDataStateTracker( 2162): dun: Received state=DISCONNECTED, old=DISCONNECTED, reason=dataDetached

D/MobileDataStateTracker( 2162): supl: Broadcast received: android.intent.action.ANY_DATA_STATE apnType=supl

D/MobileDataStateTracker( 2162): supl: Received state=DISCONNECTED, old=DISCONNECTED, reason=dataDetached

D/MobileDataStateTracker( 2162): hipri: Broadcast received: android.intent.action.ANY_DATA_STATE apnType=hipri

D/MobileDataStateTracker( 2162): hipri: Received state=DISCONNECTED, old=DISCONNECTED, reason=dataDetached

D/MobileDataStateTracker( 2162): default: Broadcast received: android.intent.action.ANY_DATA_STATE apnType=default

E/BluetoothPhoneService( 2481): Could not get a handle on Connection object for the call

D/MobileDataStateTracker( 2162): default: Received state=DISCONNECTED, old=DISCONNECTED, reason=dataDetached

D/MobileDataStateTracker( 2162): mms: Broadcast received: android.intent.action.ANY_DATA_STATE apnType=mms

D/dalvikvm( 2382): GC_FOR_ALLOC freed 21K, 3% free 8980K/9232K, paused 22ms, total 22ms

D/MobileDataStateTracker( 2162): mms: Received state=DISCONNECTED, old=DISCONNECTED, reason=dataDetached

D/MobileDataStateTracker( 2162): dun: Broadcast received: android.intent.action.ANY_DATA_STATE apnType=dun

D/MobileDataStateTracker( 2162): dun: Received state=DISCONNECTED, old=DISCONNECTED, reason=roamingOff

D/MobileDataStateTracker( 2162): supl: Broadcast received: android.intent.action.ANY_DATA_STATE apnType=supl

D/MobileDataStateTracker( 2162): supl: Received state=DISCONNECTED, old=DISCONNECTED, reason=roamingOff

D/MobileDataStateTracker( 2162): hipri: Broadcast received: android.intent.action.ANY_DATA_STATE apnType=hipri

I/dalvikvm-heap( 2382): Grow heap (frag case) to 11.755MB for 3072016-byte allocation

I/PhoneApp( 2481): Headset phone created, binding local service.

I/FusedLocation( 2162): engine started (com.android.location.fused)

D/MobileDataStateTracker( 2162): hipri: Received state=DISCONNECTED, old=DISCONNECTED, reason=roamingOff

D/MobileDataStateTracker( 2162): default: Broadcast received: android.intent.action.ANY_DATA_STATE apnType=default

D/MobileDataStateTracker( 2162): default: Received state=DISCONNECTED, old=DISCONNECTED, reason=roamingOff

D/MobileDataStateTracker( 2162): mms: Broadcast received: android.intent.action.ANY_DATA_STATE apnType=mms

D/MobileDataStateTracker( 2162): mms: Received state=DISCONNECTED, old=DISCONNECTED, reason=roamingOff

D/dalvikvm( 2382): GC_CONCURRENT freed <1K, 3% free 11980K/12236K, paused 1ms+3ms, total 19ms

D/dalvikvm( 2382): GC_FOR_ALLOC freed <1K, 3% free 11980K/12236K, paused 14ms, total 14ms

I/dalvikvm-heap( 2382): Grow heap (frag case) to 18.599MB for 7176016-byte allocation

D/GeofencerStateMachine( 2627): Creating GeofencerStateMachine

D/dalvikvm( 2382): GC_FOR_ALLOC freed 0K, 2% free 18988K/19244K, paused 28ms, total 28ms

D/dalvikvm( 2382): GC_CONCURRENT freed 3000K, 17% free 15988K/19244K, paused 1ms+1ms, total 57ms

D/mali_winsys( 2382): new_window_surface returns 0x3000

D/dalvikvm( 2627): GC_CONCURRENT freed 281K, 10% free 3377K/3724K, paused 4ms+8ms, total 70ms

I/GCoreUlr( 2627): Ensuring that reporting is stopped because of reasons: (no Google accounts)

V/GeofencerHelper( 2627): Initializing geofence's system cache.

D/GCoreFlp( 2627): Unknown pending intent to remove.

I/GCoreUlr( 2627): Unbound from all location providers

D/GeofenceStateCache( 2627): Recovered 0 geofences.

I/SurfaceFlinger( 1723): Boot is finished (126810 ms)

D/SurfaceFlinger( 1723): boot finished. Inform HWC

D/hwcomposer( 1723): Boot Finished

I/Choreographer( 2382): Skipped 36 frames!  The application may be doing too much work on its main thread.

I/GeofencerStateMachine( 2627): Network location disabled.

D/BluetoothAdapter( 2685): 1099190416: getState() :  mService = null. Returning STATE_OFF

D/BluetoothManagerService( 2162): Message: 30

W/ContextImpl( 2685): Calling a method in the system process without a qualified user: android.app.ContextImpl.bindService:1543 android.content.ContextWrapper.bindService:517 android.bluetooth.BluetoothInputDevice.doBind:245 android.bluetooth.BluetoothInputDevice.<init>:238 android.bluetooth.BluetoothAdapter.getProfileProxy:1249 

D/BluetoothManagerService( 2162): Message: 30

W/ContextImpl( 2685): Calling a method in the system process without a qualified user: android.app.ContextImpl.bindService:1543 android.content.ContextWrapper.bindService:517 android.bluetooth.BluetoothPan.doBind:149 android.bluetooth.BluetoothPan.<init>:141 android.bluetooth.BluetoothAdapter.getProfileProxy:1252 

D/LocalBluetoothProfileManager( 2685): Adding local MAP profile

D/BluetoothMap( 2685): Create BluetoothMap proxy object

D/BluetoothManagerService( 2162): Message: 30

W/ContextImpl( 2685): Calling a method in the system process without a qualified user: android.app.ContextImpl.bindService:1543 android.content.ContextWrapper.bindService:517 android.bluetooth.BluetoothMap.doBind:109 android.bluetooth.BluetoothMap.<init>:102 android.bluetooth.BluetoothAdapter.getProfileProxy:1258 

D/BluetoothManagerService( 2162): Message: 30

W/ContextImpl( 2685): Calling a method in the system process without a qualified user: android.app.ContextImpl.bindService:1543 android.content.ContextWrapper.bindService:517 android.bluetooth.BluetoothPbap.doBind:164 android.bluetooth.BluetoothPbap.<init>:157 com.android.settings.bluetooth.PbapServerProfile.<init>:68 

D/LocalBluetoothProfileManager( 2685): LocalBluetoothProfileManager construction complete

D/BluetoothAdapter( 2685): 1099190416: getState() :  mService = null. Returning STATE_OFF

D/BluetoothAdapter( 2685): 1099190416: getState() :  mService = null. Returning STATE_OFF

I/ActivityManager( 2162): Start proc com.google.android.apps.uploader for broadcast com.google.android.apps.uploader/com.google.android.picasasync.BatteryReceiver: pid=2712 uid=10052 gids={50052, 3003, 1028, 1015, 1023}

D/PhoneStatusBar( 2382): disable: < expand icons alerts ticker system_info BACK HOME RECENT CLOCK* search >

I/ActivityManager( 2162): Start proc com.android.music for broadcast com.android.music/.MediaButtonIntentReceiver: pid=2728 uid=10053 gids={50053, 3003, 1028, 1015, 1023}

D/dalvikvm( 2502): GC_CONCURRENT freed 3877K, 23% free 13933K/17888K, paused 1ms+8ms, total 23ms

I/dalvikvm( 2728): Enabling JNI app bug workarounds for target SDK version 9...

D/PicasaUploader( 2712):    wifiOnlyPhoto changed to true

D/PicasaUploader( 2712):    wifiOnlyVideo changed to true

D/PicasaUploader( 2712):    syncOnBattery changed to true

D/PicasaUploaderSync( 2712): sync account database

D/PicasaUploaderSync( 2712): accounts in DB=0

D/PicasaUploaderSyncManager( 2712): background data: true

I/MediaFocusControl( 2162):   Remote Control   registerMediaButtonIntent() for PendingIntent{41c17408: PendingIntentRecord{41c17368 com.android.music broadcastIntent}}

I/ActivityManager( 2162): Start proc com.google.android.partnersetup for broadcast com.google.android.partnersetup/.PhoneStateReceiver: pid=2741 uid=10011 gids={50011, 3003}

V/KeyguardHostView( 2382): hide transport, gen:2

V/KeyguardHostView( 2382): update widget: transport state changed

D/dalvikvm( 2162): GC_EXPLICIT freed 539K, 9% free 6523K/7132K, paused 2ms+6ms, total 50ms

V/KeyguardHostView( 2382): hide transport, gen:3

D/PicasaUploaderSyncManager( 2712): battery info: false

W/ContextImpl( 2560): Implicit intents with startService are not safe: Intent { act=com.google.android.gms.INITIALIZE } android.content.ContextWrapper.startService:494 android.content.ContextWrapper.startService:494 com.google.android.gms.init.InitializeGmsReceiver.onReceive:29 

W/ContextImpl( 2560): Implicit intents with startService are not safe: Intent { act=com.google.android.gms.INITIALIZE } android.content.ContextWrapper.startService:494 android.content.ContextWrapper.startService:494 com.google.android.gms.init.InitializeGmsReceiver.onReceive:29 

I/ActivityManager( 2162): Delay finish: com.google.android.gms/.init.InitializeGmsReceiver

I/ActivityManager( 2162): Resuming delayed broadcast

W/GCM     ( 2657): DIR: /data/data/com.google.android.gms/app_APP /data/data/com.google.android.gsf

D/GCM     ( 2657): GcmService start Intent { act=com.google.android.gms.INITIALIZE flg=0x10 pkg=com.google.android.gms cmp=com.google.android.gms/.gcm.GcmService } com.google.android.gms.INITIALIZE

D/GCM     ( 2657): GcmService start Intent { act=com.google.android.gms.INITIALIZE flg=0x10 pkg=com.google.android.gms cmp=com.google.android.gms/.gcm.GcmService } com.google.android.gms.INITIALIZE

V/ProvidersChangedReceiver( 2627): calling applySettings

D/BluetoothAdapter( 2685): 1099190416: getState() :  mService = null. Returning STATE_OFF

I/ActivityManager( 2162): Start proc com.android.dialer for broadcast com.android.dialer/.calllog.CallLogReceiver: pid=2763 uid=10005 gids={50005, 3003, 1028, 1015, 1023}

I/GCoreUlr( 2627): Ensuring that reporting is stopped because of reasons: (no Google accounts)

D/GCoreFlp( 2627): Unknown pending intent to remove.

I/GCoreUlr( 2627): Unbound from all location providers

D/ExtensionsFactory( 2763): No custom extensions.

I/ActivityManager( 2162): Delay finish: com.android.dialer/.calllog.CallLogReceiver

I/ActivityManager( 2162): Resuming delayed broadcast

D/BluetoothManagerService( 2162): enable Bluetooth radio for GPS

D/BluetoothManagerService( 2162): enable():  mBluetooth =null mBinding = false

D/BluetoothManagerService( 2162): Message: 3

D/BluetoothManagerService( 2162): MESSAGE_ENABLE_RADIO: mBluetooth = null

W/ContextImpl( 2162): Implicit intents with startService are not safe: Intent { act=android.bluetooth.IBluetooth } com.android.server.BluetoothManagerService.handleEnableRadio:1349 com.android.server.BluetoothManagerService.access$2000:49 com.android.server.BluetoothManagerService$BluetoothHandler.handleMessage:864 

W/ContextImpl( 2162): Calling a method in the system process without a qualified user: android.app.ContextImpl.bindService:1543 com.android.server.BluetoothManagerService.handleEnableRadio:1349 com.android.server.BluetoothManagerService.access$2000:49 com.android.server.BluetoothManagerService$BluetoothHandler.handleMessage:864 android.os.Handler.dispatchMessage:102 

I/ActivityManager( 2162): Start proc com.android.bluetooth for service com.android.bluetooth/.btservice.AdapterService: pid=2778 uid=1002 gids={41002, 3003, 3002, 3001, 1028, 1015, 1023, 3005, 1016, 3008}

D/BluetoothManagerService( 2162): Message: 30

W/ContextImpl( 2162): Calling a method in the system process without a qualified user: android.app.ContextImpl.bindService:1543 android.bluetooth.BluetoothHeadset.doBind:283 android.bluetooth.BluetoothHeadset.<init>:276 android.bluetooth.BluetoothAdapter.getProfileProxy:1243 android.media.AudioService.getBluetoothHeadset:2245 

D/BluetoothManagerService( 2162): Message: 30

W/ContextImpl( 2162): Calling a method in the system process without a qualified user: android.app.ContextImpl.bindService:1543 android.bluetooth.BluetoothA2dp.doBind:165 android.bluetooth.BluetoothA2dp.<init>:158 android.bluetooth.BluetoothAdapter.getProfileProxy:1246 android.media.AudioService$AudioServiceBroadcastReceiver.onReceive:4166 

V/WiredAccessoryManager( 2162): init()

I/PowerManagerService( 2162): Boot animation finished.

I/RecoverySystem( 2162): No recovery log file

I/BootReceiver( 2162): Copying audit failures to DropBox

I/display ( 1723): [DYNAMIC_RECOMP] HWC_2_GLES by low FPS(0)

I/ActivityManager( 2162): Start proc com.android.providers.calendar for broadcast com.android.providers.calendar/.CalendarReceiver: pid=2797 uid=10001 gids={50001, 3003, 1028, 1015, 1023}

I/BootReceiver( 2162): Checking for fsck errors

I/OMXCodec( 1726): Attempting to allocate OMX node 'OMX.google.vorbis.decoder' mime='audio/vorbis'

I/OMXCodec( 1726): Attempting to allocate OMX node 'OMX.google.vorbis.decoder' mime='audio/vorbis'

D/AdapterServiceConfig( 2778): Adding HeadsetService

D/AdapterServiceConfig( 2778): Adding A2dpService

D/AdapterServiceConfig( 2778): Adding HidService

D/AdapterServiceConfig( 2778): Adding HealthService

D/AdapterServiceConfig( 2778): Adding PanService

D/AdapterServiceConfig( 2778): Adding GattService

D/AdapterServiceConfig( 2778): Adding BluetoothMapService

D/BluetoothAdapterService( 2778): REFCOUNT: CREATED. INSTANCE_COUNT1

D/BluetoothAdapterState( 2778): make

I/bluedroid( 2778): init

I/BluetoothAdapterState( 2778): Entering OffState

I/bte_conf( 2778): Attempt to load stack conf from /etc/bluetooth/bt_stack.conf

